CRAN Package Check Results for Package bigstep

Last updated on 2019-07-19 16:47:46 CEST.

Flavor Version Tinstall Tcheck Ttotal Status Flags
r-devel-linux-x86_64-debian-clang 1.0.2 7.09 68.71 75.80 OK
r-devel-linux-x86_64-debian-gcc 1.0.2 6.45 55.26 61.71 OK
r-devel-linux-x86_64-fedora-clang 1.0.2 99.15 OK
r-devel-linux-x86_64-fedora-gcc 1.0.2 92.81 OK
r-devel-windows-ix86+x86_64 1.0.2 15.00 85.00 100.00 OK
r-patched-linux-x86_64 1.0.1 7.86 68.49 76.35 OK
r-patched-solaris-x86 1.0.2 142.70 OK
r-release-linux-x86_64 1.0.1 7.76 68.83 76.59 OK
r-release-windows-ix86+x86_64 1.0.1 13.00 76.00 89.00 OK
r-release-osx-x86_64 1.0.1 NOTE
r-oldrel-windows-ix86+x86_64 1.0.1 7.00 109.00 116.00 OK
r-oldrel-osx-x86_64 1.0.1 NOTE

Check Details

Version: 1.0.1
Check: dependencies in R code
Result: NOTE
    Namespace in Imports field not imported from: ‘methods’
     All declared Imports should be used.
Flavors: r-release-osx-x86_64, r-oldrel-osx-x86_64