CRAN Package Check Results for Package controlTest

Last updated on 2018-01-20 10:46:26 CET.

Flavor Version Tinstall Tcheck Ttotal Status Flags
r-devel-linux-x86_64-debian-clang 1.1.0 3.14 49.31 52.45 OK
r-devel-linux-x86_64-debian-gcc 1.1.0 2.11 38.84 40.95 OK
r-devel-linux-x86_64-fedora-clang 1.1.0 70.88 OK
r-devel-linux-x86_64-fedora-gcc 1.1.0 67.48 OK
r-devel-windows-ix86+x86_64 1.1.0 8.00 79.00 87.00 OK
r-patched-linux-x86_64 1.1.0 3.21 51.70 54.91 OK
r-patched-solaris-x86 1.1.0 114.80 OK
r-release-linux-x86_64 1.1.0 2.60 51.82 54.42 OK
r-release-windows-ix86+x86_64 1.1.0 8.00 83.00 91.00 OK
r-release-osx-x86_64 1.1.0 OK
r-oldrel-windows-ix86+x86_64 1.1.0 3.00 6.00 9.00 ERROR
r-oldrel-osx-x86_64 1.1.0 ERROR

Check Details

Version: 1.1.0
Check: package dependencies
Result: ERROR
    Packages required and available but unsuitable versions: 'graphics' 'stats'
    
    See section 'The DESCRIPTION file' in the 'Writing R Extensions'
    manual.
Flavors: r-oldrel-windows-ix86+x86_64, r-oldrel-osx-x86_64