CRAN Package Check Results for Package dbfaker

Last updated on 2019-10-18 08:51:08 CEST.

Flavor Version Tinstall Tcheck Ttotal Status Flags
r-devel-linux-x86_64-debian-clang 0.1.0 3.75 32.97 36.72 NOTE
r-devel-linux-x86_64-debian-gcc 0.1.0 2.94 26.40 29.34 NOTE
r-devel-linux-x86_64-fedora-clang 0.1.0 45.87 OK
r-devel-linux-x86_64-fedora-gcc 0.1.0 44.95 OK
r-devel-windows-ix86+x86_64 0.1.0 19.00 50.00 69.00 NOTE
r-patched-linux-x86_64 0.1.0 3.55 31.56 35.11 OK
r-patched-solaris-x86 0.1.0 67.10 OK
r-release-linux-x86_64 0.1.0 3.36 32.05 35.41 OK
r-release-windows-ix86+x86_64 0.1.0 8.00 74.00 82.00 NOTE
r-release-osx-x86_64 0.1.0 OK
r-oldrel-windows-ix86+x86_64 0.1.0 5.00 45.00 50.00 NOTE
r-oldrel-osx-x86_64 0.1.0 OK

Check Details

Version: 0.1.0
Check: package vignettes
Result: NOTE
    Package vignette with placeholder title 'Vignette Title':
     'verifyWrite.Rmd'
Flavors: r-devel-linux-x86_64-debian-clang, r-devel-linux-x86_64-debian-gcc, r-devel-windows-ix86+x86_64

Version: 0.1.0
Check: package dependencies
Result: NOTE
    Package suggested but not available for checking: 'doMC'
Flavors: r-devel-windows-ix86+x86_64, r-release-windows-ix86+x86_64, r-oldrel-windows-ix86+x86_64