CRAN Package Check Results for Package ddalpha

Last updated on 2020-12-02 03:52:29 CET.

Flavor Version Tinstall Tcheck Ttotal Status Flags
r-devel-linux-x86_64-debian-clang 1.3.11 247.45 119.54 366.99 OK
r-devel-linux-x86_64-debian-gcc 1.3.11 110.65 91.78 202.43 OK
r-devel-linux-x86_64-fedora-clang 1.3.11 428.56 NOTE
r-devel-linux-x86_64-fedora-gcc 1.3.11 365.81 OK
r-devel-windows-ix86+x86_64 1.3.11 425.00 220.00 645.00 OK
r-patched-linux-x86_64 1.3.11 135.20 113.18 248.38 OK
r-patched-solaris-x86 1.3.11 373.20 OK
r-release-linux-x86_64 1.3.11 142.41 114.24 256.65 OK
r-release-macos-x86_64 1.3.11 OK
r-release-windows-ix86+x86_64 1.3.11 439.00 177.00 616.00 OK
r-oldrel-macos-x86_64 1.3.11 OK
r-oldrel-windows-ix86+x86_64 1.3.11 312.00 203.00 515.00 OK

Check Details

Version: 1.3.11
Check: installed package size
Result: NOTE
     installed size is 5.3Mb
     sub-directories of 1Mb or more:
     libs 4.1Mb
Flavor: r-devel-linux-x86_64-fedora-clang

Version: 1.3.11
Check: Rd cross-references
Result: NOTE
    Undeclared package ‘fda.usc’ in Rd xrefs
Flavor: r-devel-linux-x86_64-fedora-clang