CRAN Package Check Results for Package dvmisc

Last updated on 2019-10-23 12:48:08 CEST.

Flavor Version Tinstall Tcheck Ttotal Status Flags
r-devel-linux-x86_64-debian-clang 1.1.3 123.18 116.52 239.70 OK
r-devel-linux-x86_64-debian-gcc 1.1.3 73.59 90.28 163.87 OK
r-devel-linux-x86_64-fedora-clang 1.1.3 314.33 NOTE
r-devel-linux-x86_64-fedora-gcc 1.1.3 276.59 NOTE
r-devel-windows-ix86+x86_64 1.1.3 190.00 260.00 450.00 OK
r-patched-linux-x86_64 1.1.3 84.55 110.98 195.53 OK
r-patched-solaris-x86 1.1.3 311.10 NOTE
r-release-linux-x86_64 1.1.3 86.04 110.38 196.42 OK
r-release-windows-ix86+x86_64 1.1.3 256.00 195.00 451.00 OK
r-release-osx-x86_64 1.1.3 NOTE
r-oldrel-windows-ix86+x86_64 1.1.3 243.00 240.00 483.00 OK
r-oldrel-osx-x86_64 1.1.3 NOTE

Check Details

Version: 1.1.3
Check: dependencies in R code
Result: NOTE
    Namespace in Imports field not imported from: ‘purrr’
     All declared Imports should be used.
Flavors: r-devel-linux-x86_64-fedora-clang, r-devel-linux-x86_64-fedora-gcc, r-patched-solaris-x86, r-release-osx-x86_64, r-oldrel-osx-x86_64