CRAN Package Check Results for Package ecospat

Last updated on 2019-11-12 20:48:59 CET.

Flavor Version Tinstall Tcheck Ttotal Status Flags
r-devel-linux-x86_64-debian-clang 3.0 30.08 297.85 327.93 NOTE
r-devel-linux-x86_64-debian-gcc 3.0 24.81 227.04 251.85 NOTE
r-devel-linux-x86_64-fedora-clang 3.0 380.58 NOTE
r-devel-linux-x86_64-fedora-gcc 3.0 395.51 NOTE
r-devel-windows-ix86+x86_64 3.0 95.00 451.00 546.00 OK
r-patched-linux-x86_64 3.0 26.95 283.06 310.01 OK
r-patched-solaris-x86 3.0 542.40 OK
r-release-linux-x86_64 3.0 26.98 280.67 307.65 OK
r-release-windows-ix86+x86_64 3.0 95.00 326.00 421.00 OK
r-release-osx-x86_64 3.0 OK
r-oldrel-windows-ix86+x86_64 3.0 40.00 409.00 449.00 OK
r-oldrel-osx-x86_64 3.0 OK

Check Details

Version: 3.0
Check: for non-standard things in the check directory
Result: NOTE
    Found the following files/directories:
     'community.prediction.prr.txt'
Flavors: r-devel-linux-x86_64-debian-clang, r-devel-linux-x86_64-debian-gcc, r-devel-linux-x86_64-fedora-clang, r-devel-linux-x86_64-fedora-gcc