CRAN Package Check Results for Package ecospat

Last updated on 2019-07-21 01:46:53 CEST.

Flavor Version Tinstall Tcheck Ttotal Status Flags
r-devel-linux-x86_64-debian-clang 3.0 26.18 293.55 319.73 NOTE
r-devel-linux-x86_64-debian-gcc 3.0 23.43 229.31 252.74 NOTE
r-devel-linux-x86_64-fedora-clang 3.0 388.42 NOTE
r-devel-linux-x86_64-fedora-gcc 3.0 411.35 NOTE
r-devel-windows-ix86+x86_64 3.0 57.00 472.00 529.00 OK
r-patched-linux-x86_64 3.0 26.72 288.18 314.90 OK
r-patched-solaris-x86 3.0 540.50 OK
r-release-linux-x86_64 3.0 28.94 291.77 320.71 OK
r-release-windows-ix86+x86_64 3.0 56.00 308.00 364.00 OK
r-release-osx-x86_64 3.0 OK
r-oldrel-windows-ix86+x86_64 3.0 57.00 303.00 360.00 OK
r-oldrel-osx-x86_64 3.0 OK

Check Details

Version: 3.0
Check: for non-standard things in the check directory
Result: NOTE
    Found the following files/directories:
     'community.prediction.prr.txt'
Flavors: r-devel-linux-x86_64-debian-clang, r-devel-linux-x86_64-debian-gcc, r-devel-linux-x86_64-fedora-clang, r-devel-linux-x86_64-fedora-gcc