CRAN Package Check Results for Package elastic

Last updated on 2020-10-29 15:51:05 CET.

Flavor Version Tinstall Tcheck Ttotal Status Flags
r-devel-linux-x86_64-debian-clang 1.1.0 8.72 46.47 55.19 OK
r-devel-linux-x86_64-debian-gcc 1.1.0 5.95 35.59 41.54 OK
r-devel-linux-x86_64-fedora-clang 1.1.0 71.91 OK
r-devel-linux-x86_64-fedora-gcc 1.1.0 62.71 OK
r-devel-windows-ix86+x86_64 1.1.0 13.00 65.00 78.00 OK
r-patched-linux-x86_64 1.1.0 6.76 44.10 50.86 OK
r-patched-solaris-x86 1.1.0 86.70 NOTE
r-release-linux-x86_64 1.1.0 6.41 44.25 50.66 OK
r-release-macos-x86_64 1.1.0 OK
r-release-windows-ix86+x86_64 1.1.0 11.00 63.00 74.00 OK
r-oldrel-macos-x86_64 1.1.0 OK
r-oldrel-windows-ix86+x86_64 1.1.0 12.00 61.00 73.00 OK

Check Details

Version: 1.1.0
Check: installed package size
Result: NOTE
     installed size is 5.0Mb
     sub-directories of 1Mb or more:
     examples 4.2Mb
Flavor: r-patched-solaris-x86