CRAN Package Check Results for Package emax.glm

Last updated on 2019-11-21 19:48:37 CET.

Flavor Version Tinstall Tcheck Ttotal Status Flags
r-devel-linux-x86_64-debian-clang 0.1.2 3.16 45.25 48.41 OK
r-devel-linux-x86_64-debian-gcc 0.1.2 3.22 35.21 38.43 OK
r-devel-linux-x86_64-fedora-clang 0.1.2 60.98 NOTE
r-devel-linux-x86_64-fedora-gcc 0.1.2 58.35 NOTE
r-devel-windows-ix86+x86_64 0.1.2 14.00 85.00 99.00 OK
r-devel-windows-ix86+x86_64-gcc8 0.1.2 12.00 58.00 70.00 OK
r-patched-linux-x86_64 0.1.2 3.42 43.10 46.52 OK
r-patched-solaris-x86 0.1.2 82.40 NOTE
r-release-linux-x86_64 0.1.2 3.37 42.86 46.23 OK
r-release-windows-ix86+x86_64 0.1.2 14.00 83.00 97.00 OK
r-release-osx-x86_64 0.1.2 NOTE
r-oldrel-windows-ix86+x86_64 0.1.2 6.00 77.00 83.00 OK
r-oldrel-osx-x86_64 0.1.2 NOTE

Check Details

Version: 0.1.2
Check: dependencies in R code
Result: NOTE
    Namespaces in Imports field not imported from:
     ‘AER’ ‘pROC’ ‘pander’
     All declared Imports should be used.
Flavors: r-devel-linux-x86_64-fedora-clang, r-devel-linux-x86_64-fedora-gcc, r-patched-solaris-x86, r-release-osx-x86_64, r-oldrel-osx-x86_64