CRAN Package Check Results for Package epidata

Last updated on 2020-12-01 23:48:26 CET.

Flavor Version Tinstall Tcheck Ttotal Status Flags
r-devel-linux-x86_64-debian-clang 0.4.0 7.60 48.28 55.88 OK
r-devel-linux-x86_64-debian-gcc 0.4.0 4.52 39.23 43.75 OK
r-devel-linux-x86_64-fedora-clang 0.4.0 71.38 NOTE
r-devel-linux-x86_64-fedora-gcc 0.4.0 58.93 NOTE
r-devel-windows-ix86+x86_64 0.4.0 12.00 83.00 95.00 OK
r-patched-linux-x86_64 0.4.0 6.28 46.24 52.52 OK
r-patched-solaris-x86 0.4.0 86.80 NOTE
r-release-linux-x86_64 0.4.0 6.34 46.11 52.45 OK
r-release-macos-x86_64 0.4.0 NOTE
r-release-windows-ix86+x86_64 0.4.0 10.00 67.00 77.00 OK
r-oldrel-macos-x86_64 0.4.0 NOTE
r-oldrel-windows-ix86+x86_64 0.4.0 8.00 81.00 89.00 OK

Check Details

Version: 0.4.0
Check: dependencies in R code
Result: NOTE
    Namespace in Imports field not imported from: ‘tinytest’
     All declared Imports should be used.
Flavors: r-devel-linux-x86_64-fedora-clang, r-devel-linux-x86_64-fedora-gcc, r-patched-solaris-x86, r-release-macos-x86_64, r-oldrel-macos-x86_64