CRAN Package Check Results for Package evmix

Last updated on 2019-10-15 20:48:44 CEST.

Flavor Version Tinstall Tcheck Ttotal Status Flags
r-devel-linux-x86_64-debian-clang 2.12 27.65 164.12 191.77 OK
r-devel-linux-x86_64-debian-gcc 2.12 23.79 124.72 148.51 OK
r-devel-linux-x86_64-fedora-clang 2.12 231.01 OK
r-devel-linux-x86_64-fedora-gcc 2.12 226.95 OK
r-devel-windows-ix86+x86_64 2.12 55.00 194.00 249.00 OK
r-patched-linux-x86_64 2.12 24.60 163.12 187.72 OK
r-patched-solaris-x86 2.12 235.20 NOTE
r-release-linux-x86_64 2.12 27.00 160.64 187.64 OK
r-release-windows-ix86+x86_64 2.12 53.00 136.00 189.00 OK
r-release-osx-x86_64 2.12 OK
r-oldrel-windows-ix86+x86_64 2.12 45.00 151.00 196.00 OK
r-oldrel-osx-x86_64 2.12 OK

Check Details

Version: 2.12
Check: installed package size
Result: NOTE
     installed size is 5.3Mb
     sub-directories of 1Mb or more:
     R 1.3Mb
     doc 3.1Mb
Flavor: r-patched-solaris-x86