CRAN Package Check Results for Package evmix

Last updated on 2019-06-18 04:47:10 CEST.

Flavor Version Tinstall Tcheck Ttotal Status Flags
r-devel-linux-x86_64-debian-clang 2.11 27.28 158.08 185.36 OK
r-devel-linux-x86_64-debian-gcc 2.11 23.63 120.56 144.19 OK
r-devel-linux-x86_64-fedora-clang 2.11 214.29 OK
r-devel-linux-x86_64-fedora-gcc 2.11 208.66 OK
r-devel-windows-ix86+x86_64 2.11 52.00 165.00 217.00 OK
r-patched-linux-x86_64 2.11 24.49 158.45 182.94 OK
r-patched-solaris-x86 2.11 246.10 NOTE
r-release-linux-x86_64 2.11 26.67 157.84 184.51 OK
r-release-windows-ix86+x86_64 2.11 38.00 212.00 250.00 OK
r-release-osx-x86_64 2.11 OK
r-oldrel-windows-ix86+x86_64 2.11 37.00 197.00 234.00 OK
r-oldrel-osx-x86_64 2.11 OK

Check Details

Version: 2.11
Check: installed package size
Result: NOTE
     installed size is 5.3Mb
     sub-directories of 1Mb or more:
     R 1.3Mb
     doc 3.1Mb
Flavor: r-patched-solaris-x86