CRAN Package Check Results for Package fs

Last updated on 2019-10-15 20:48:45 CEST.

Flavor Version Tinstall Tcheck Ttotal Status Flags
r-devel-linux-x86_64-debian-clang 1.3.1 89.81 42.24 132.05 NOTE
r-devel-linux-x86_64-debian-gcc 1.3.1 57.42 38.17 95.59 NOTE
r-devel-linux-x86_64-fedora-clang 1.3.1 184.74 NOTE
r-devel-linux-x86_64-fedora-gcc 1.3.1 162.46 NOTE
r-devel-windows-ix86+x86_64 1.3.1 202.00 135.00 337.00 NOTE
r-patched-linux-x86_64 1.3.1 63.19 47.00 110.19 NOTE
r-patched-solaris-x86 1.3.1 148.00 NOTE
r-release-linux-x86_64 1.3.1 65.00 47.19 112.19 NOTE
r-release-windows-ix86+x86_64 1.3.1 279.00 76.00 355.00 NOTE
r-release-osx-x86_64 1.3.1 NOTE
r-oldrel-windows-ix86+x86_64 1.3.1 178.00 68.00 246.00 NOTE
r-oldrel-osx-x86_64 1.3.1 NOTE

Check Details

Version: 1.3.1
Check: for GNU extensions in Makefiles
Result: NOTE
    GNU make is a SystemRequirements.
Flavors: r-devel-linux-x86_64-debian-clang, r-devel-linux-x86_64-debian-gcc, r-devel-linux-x86_64-fedora-clang, r-devel-linux-x86_64-fedora-gcc, r-devel-windows-ix86+x86_64, r-patched-linux-x86_64, r-patched-solaris-x86, r-release-linux-x86_64, r-release-windows-ix86+x86_64, r-release-osx-x86_64, r-oldrel-windows-ix86+x86_64, r-oldrel-osx-x86_64