CRAN Package Check Results for Package fs

Last updated on 2019-07-19 00:46:57 CEST.

Flavor Version Tinstall Tcheck Ttotal Status Flags
r-devel-linux-x86_64-debian-clang 1.3.1 77.89 43.52 121.41 NOTE
r-devel-linux-x86_64-debian-gcc 1.3.1 55.22 39.23 94.45 NOTE
r-devel-linux-x86_64-fedora-clang 1.3.1 177.21 NOTE
r-devel-linux-x86_64-fedora-gcc 1.3.1 162.62 NOTE
r-devel-windows-ix86+x86_64 1.3.1 267.00 107.00 374.00 NOTE
r-patched-linux-x86_64 1.3.1 69.00 48.80 117.80 NOTE
r-patched-solaris-x86 1.3.1 175.30 NOTE
r-release-linux-x86_64 1.3.1 65.01 48.56 113.57 NOTE
r-release-windows-ix86+x86_64 1.3.1 199.00 109.00 308.00 NOTE
r-release-osx-x86_64 1.3.1 NOTE
r-oldrel-windows-ix86+x86_64 1.3.1 192.00 96.00 288.00 NOTE
r-oldrel-osx-x86_64 1.3.1 NOTE

Check Details

Version: 1.3.1
Check: for GNU extensions in Makefiles
Result: NOTE
    GNU make is a SystemRequirements.
Flavors: r-devel-linux-x86_64-debian-clang, r-devel-linux-x86_64-debian-gcc, r-devel-linux-x86_64-fedora-clang, r-devel-linux-x86_64-fedora-gcc, r-devel-windows-ix86+x86_64, r-patched-linux-x86_64, r-patched-solaris-x86, r-release-linux-x86_64, r-release-windows-ix86+x86_64, r-release-osx-x86_64, r-oldrel-windows-ix86+x86_64, r-oldrel-osx-x86_64