CRAN Package Check Results for Package fulltext

Last updated on 2020-10-29 15:51:06 CET.

Flavor Version Tinstall Tcheck Ttotal Status Flags
r-devel-linux-x86_64-debian-clang 1.6.0 13.93 98.67 112.60 OK
r-devel-linux-x86_64-debian-gcc 1.6.0 11.65 72.30 83.95 OK
r-devel-linux-x86_64-fedora-clang 1.6.0 142.08 OK
r-devel-linux-x86_64-fedora-gcc 1.6.0 129.45 OK
r-devel-windows-ix86+x86_64 1.6.0 33.00 118.00 151.00 OK
r-patched-linux-x86_64 1.6.0 13.32 87.12 100.44 OK
r-patched-solaris-x86 1.6.0 173.30 OK
r-release-linux-x86_64 1.6.0 12.26 87.05 99.31 OK
r-release-macos-x86_64 1.6.0 OK
r-release-windows-ix86+x86_64 1.6.0 24.00 95.00 119.00 OK
r-oldrel-macos-x86_64 1.6.0 ERROR
r-oldrel-windows-ix86+x86_64 1.6.0 25.00 113.00 138.00 OK

Check Details

Version: 1.6.0
Check: whether package can be installed
Result: ERROR
    Installation failed.
Flavor: r-oldrel-macos-x86_64