CRAN Package Check Results for Package gamm4.test

Last updated on 2019-11-12 20:49:00 CET.

Flavor Version Tinstall Tcheck Ttotal Status Flags
r-devel-linux-x86_64-debian-clang 0.1.0 12.29 110.62 122.91 NOTE
r-devel-linux-x86_64-debian-gcc 0.1.0 9.25 85.51 94.76 NOTE
r-devel-linux-x86_64-fedora-clang 0.1.0 145.83 OK
r-devel-linux-x86_64-fedora-gcc 0.1.0 146.17 OK
r-devel-windows-ix86+x86_64 0.1.0 39.00 165.00 204.00 NOTE
r-patched-linux-x86_64 0.1.0 11.11 107.14 118.25 OK
r-patched-solaris-x86 0.1.0 208.20 OK
r-release-linux-x86_64 0.1.0 13.24 107.78 121.02 OK
r-release-windows-ix86+x86_64 0.1.0 46.00 119.00 165.00 OK
r-release-osx-x86_64 0.1.0 OK
r-oldrel-windows-ix86+x86_64 0.1.0 15.00 170.00 185.00 OK
r-oldrel-osx-x86_64 0.1.0 OK

Check Details

Version: 0.1.0
Check: package vignettes
Result: NOTE
    Package vignette with placeholder title 'Vignette Title':
     'Introduction.Rmd'
Flavors: r-devel-linux-x86_64-debian-clang, r-devel-linux-x86_64-debian-gcc, r-devel-windows-ix86+x86_64