CRAN Package Check Results for Package gamm4.test

Last updated on 2019-07-22 20:49:16 CEST.

Flavor Version Tinstall Tcheck Ttotal Status Flags
r-devel-linux-x86_64-debian-clang 0.1.0 13.43 107.99 121.42 NOTE
r-devel-linux-x86_64-debian-gcc 0.1.0 10.53 83.92 94.45 NOTE
r-devel-linux-x86_64-fedora-clang 0.1.0 139.63 OK
r-devel-linux-x86_64-fedora-gcc 0.1.0 135.85 OK
r-devel-windows-ix86+x86_64 0.1.0 22.00 156.00 178.00 NOTE
r-patched-linux-x86_64 0.1.0 12.20 105.43 117.63 OK
r-patched-solaris-x86 0.1.0 200.60 OK
r-release-linux-x86_64 0.1.0 13.13 106.90 120.03 OK
r-release-windows-ix86+x86_64 0.1.0 20.00 103.00 123.00 OK
r-release-osx-x86_64 0.1.0 OK
r-oldrel-windows-ix86+x86_64 0.1.0 25.00 155.00 180.00 OK
r-oldrel-osx-x86_64 0.1.0 OK

Check Details

Version: 0.1.0
Check: package vignettes
Result: NOTE
    Package vignette with placeholder title 'Vignette Title':
     'Introduction.Rmd'
Flavors: r-devel-linux-x86_64-debian-clang, r-devel-linux-x86_64-debian-gcc, r-devel-windows-ix86+x86_64