CRAN Package Check Results for Package geojsonio

Last updated on 2020-10-29 15:51:06 CET.

Flavor Version Tinstall Tcheck Ttotal Status Flags
r-devel-linux-x86_64-debian-clang 0.9.2 9.36 108.39 117.75 OK
r-devel-linux-x86_64-debian-gcc 0.9.2 8.08 82.47 90.55 OK
r-devel-linux-x86_64-fedora-clang 0.9.2 149.21 NOTE
r-devel-linux-x86_64-fedora-gcc 0.9.2 152.68 OK
r-devel-windows-ix86+x86_64 0.9.2 34.00 165.00 199.00 OK
r-patched-linux-x86_64 0.9.2 9.42 100.15 109.57 OK
r-patched-solaris-x86 0.9.2 197.20 NOTE
r-release-linux-x86_64 0.9.2 9.44 99.18 108.62 OK
r-release-macos-x86_64 0.9.2 OK
r-release-windows-ix86+x86_64 0.9.2 25.00 118.00 143.00 OK
r-oldrel-macos-x86_64 0.9.2 OK
r-oldrel-windows-ix86+x86_64 0.9.2 28.00 163.00 191.00 OK

Check Details

Version: 0.9.2
Check: Rd cross-references
Result: NOTE
    Undeclared package ‘rgdal’ in Rd xrefs
Flavor: r-devel-linux-x86_64-fedora-clang

Version: 0.9.2
Check: package dependencies
Result: NOTE
    Package suggested but not available for checking: ‘RPostgres’
Flavor: r-patched-solaris-x86