CRAN Package Check Results for Package gld

Last updated on 2018-01-20 10:46:33 CET.

Flavor Version Tinstall Tcheck Ttotal Status Flags
r-devel-linux-x86_64-debian-clang 2.4.1 2.08 35.28 37.36 NOTE
r-devel-linux-x86_64-debian-gcc 2.4.1 1.97 27.18 29.15 NOTE
r-devel-linux-x86_64-fedora-clang 2.4.1 43.24 NOTE
r-devel-linux-x86_64-fedora-gcc 2.4.1 41.54 NOTE
r-devel-windows-ix86+x86_64 2.4.1 17.00 72.00 89.00 OK
r-patched-linux-x86_64 2.4.1 2.64 33.33 35.97 NOTE
r-patched-solaris-x86 2.4.1 58.80 OK
r-release-linux-x86_64 2.4.1 2.29 34.10 36.39 NOTE
r-release-windows-ix86+x86_64 2.4.1 19.00 77.00 96.00 OK
r-release-osx-x86_64 2.4.1 OK
r-oldrel-windows-ix86+x86_64 2.4.1 13.00 54.00 67.00 OK
r-oldrel-osx-x86_64 2.4.1 OK

Check Details

Version: 2.4.1
Check: compiled code
Result: NOTE
    File ‘gld/libs/gld.so’:
     Found no calls to: ‘R_registerRoutines’, ‘R_useDynamicSymbols’
    
    It is good practice to register native routines and to disable symbol
    search.
    
    See ‘Writing portable packages’ in the ‘Writing R Extensions’ manual.
Flavors: r-devel-linux-x86_64-debian-clang, r-devel-linux-x86_64-debian-gcc, r-devel-linux-x86_64-fedora-clang, r-devel-linux-x86_64-fedora-gcc, r-patched-linux-x86_64, r-release-linux-x86_64