CRAN Package Check Results for Package gld

Last updated on 2018-04-23 16:53:24 CEST.

Flavor Version Tinstall Tcheck Ttotal Status Flags
r-devel-linux-x86_64-debian-clang 2.4.1 3.66 27.23 30.89 NOTE
r-devel-linux-x86_64-debian-gcc 2.4.1 4.14 24.98 29.12 NOTE
r-devel-linux-x86_64-fedora-clang 2.4.1 43.88 NOTE
r-devel-linux-x86_64-fedora-gcc 2.4.1 41.89 NOTE
r-devel-windows-ix86+x86_64 2.4.1 18.00 55.00 73.00 OK
r-devel-osx-x86_64 2.4.1 OK
r-patched-linux-x86_64 2.4.1 4.99 30.83 35.82 NOTE
r-patched-solaris-x86 2.4.1 62.80 OK
r-release-linux-x86_64 2.4.1 2.56 33.57 36.13 NOTE
r-release-windows-ix86+x86_64 2.4.1 15.00 66.00 81.00 OK
r-release-osx-x86_64 2.4.1 OK
r-oldrel-windows-ix86+x86_64 2.4.1 10.00 67.00 77.00 OK

Check Details

Version: 2.4.1
Check: compiled code
Result: NOTE
    File ‘gld/libs/gld.so’:
     Found no calls to: ‘R_registerRoutines’, ‘R_useDynamicSymbols’
    
    It is good practice to register native routines and to disable symbol
    search.
    
    See ‘Writing portable packages’ in the ‘Writing R Extensions’ manual.
Flavors: r-devel-linux-x86_64-debian-clang, r-devel-linux-x86_64-debian-gcc, r-devel-linux-x86_64-fedora-clang, r-devel-linux-x86_64-fedora-gcc, r-patched-linux-x86_64, r-release-linux-x86_64