CRAN Package Check Results for Package gld

Last updated on 2018-07-20 16:52:08 CEST.

Flavor Version Tinstall Tcheck Ttotal Status Flags
r-devel-linux-x86_64-debian-clang 2.4.1 4.92 31.93 36.85 NOTE
r-devel-linux-x86_64-debian-gcc 2.4.1 3.66 25.87 29.53 NOTE
r-devel-linux-x86_64-fedora-clang 2.4.1 43.19 NOTE
r-devel-linux-x86_64-fedora-gcc 2.4.1 41.67 NOTE
r-devel-windows-ix86+x86_64 2.4.1 12.00 74.00 86.00 OK
r-patched-linux-x86_64 2.4.1 4.91 31.67 36.58 NOTE
r-patched-solaris-x86 2.4.1 58.90 OK
r-release-linux-x86_64 2.4.1 3.86 31.62 35.48 NOTE
r-release-windows-ix86+x86_64 2.4.1 22.00 56.00 78.00 OK
r-release-osx-x86_64 2.4.1 OK
r-oldrel-windows-ix86+x86_64 2.4.1 19.00 52.00 71.00 OK
r-oldrel-osx-x86_64 2.4.1 OK

Check Details

Version: 2.4.1
Check: compiled code
Result: NOTE
    File ‘gld/libs/gld.so’:
     Found no calls to: ‘R_registerRoutines’, ‘R_useDynamicSymbols’
    
    It is good practice to register native routines and to disable symbol
    search.
    
    See ‘Writing portable packages’ in the ‘Writing R Extensions’ manual.
Flavors: r-devel-linux-x86_64-debian-clang, r-devel-linux-x86_64-debian-gcc, r-devel-linux-x86_64-fedora-clang, r-devel-linux-x86_64-fedora-gcc, r-patched-linux-x86_64, r-release-linux-x86_64