CRAN Package Check Results for Package guardianapi

Last updated on 2019-04-22 01:47:41 CEST.

Flavor Version Tinstall Tcheck Ttotal Status Flags
r-devel-linux-x86_64-debian-clang 0.1.0 3.84 70.43 74.27 OK
r-devel-linux-x86_64-debian-gcc 0.1.0 2.97 47.22 50.19 WARN
r-devel-linux-x86_64-fedora-clang 0.1.0 73.27 OK
r-devel-linux-x86_64-fedora-gcc 0.1.0 69.94 OK
r-devel-windows-ix86+x86_64 0.1.0 11.00 139.00 150.00 OK
r-patched-linux-x86_64 0.1.0 3.79 69.81 73.60 OK
r-patched-solaris-x86 0.1.0 105.00 OK
r-release-linux-x86_64 0.1.0 1.81 68.51 70.32 OK
r-release-windows-ix86+x86_64 0.1.0 5.00 157.00 162.00 OK
r-release-osx-x86_64 0.1.0 OK
r-oldrel-windows-ix86+x86_64 0.1.0 7.00 176.00 183.00 OK
r-oldrel-osx-x86_64 0.1.0 OK

Check Details

Version: 0.1.0
Check: re-building of vignette outputs
Result: WARN
    Error(s) in re-building vignettes:
     ...
    --- re-building ‘introduction.Rmd’ using rmarkdown
    
    Attaching package: 'dplyr'
    
    The following objects are masked from 'package:stats':
    
     filter, lag
    
    The following objects are masked from 'package:base':
    
     intersect, setdiff, setequal, union
    
    
    Attaching package: 'lubridate'
    
    The following object is masked from 'package:base':
    
     date
    
    Retrieving page 1
    Retrieving additional page 2 of 42
    Retrieving additional page 3 of 42
    Retrieving additional page 4 of 42
    Retrieving additional page 5 of 42
    Retrieving additional page 6 of 42
    Retrieving additional page 7 of 42
    Retrieving additional page 8 of 42
    Retrieving additional page 9 of 42
    Retrieving additional page 10 of 42
    Retrieving additional page 11 of 42
    Retrieving additional page 12 of 42
    Retrieving additional page 13 of 42
    Retrieving additional page 14 of 42
    Retrieving additional page 15 of 42
    Retrieving additional page 16 of 42
    Retrieving additional page 17 of 42
    Retrieving additional page 18 of 42
    Retrieving additional page 19 of 42
    Retrieving additional page 20 of 42
    Retrieving additional page 21 of 42
    Retrieving additional page 22 of 42
    Retrieving additional page 23 of 42
    Retrieving additional page 24 of 42
    Retrieving additional page 25 of 42
    Retrieving additional page 26 of 42
    Retrieving additional page 27 of 42
    Retrieving additional page 28 of 42
    Retrieving additional page 29 of 42
    Retrieving additional page 30 of 42
    Retrieving additional page 31 of 42
    Retrieving additional page 32 of 42
    Retrieving additional page 33 of 42
    Retrieving additional page 34 of 42
    Retrieving additional page 35 of 42
    Retrieving additional page 36 of 42
    Retrieving additional page 37 of 42
    Retrieving additional page 38 of 42
    Retrieving additional page 39 of 42
    Retrieving additional page 40 of 42
    Retrieving additional page 41 of 42
    Retrieving additional page 42 of 42
    Retrieving page 1
    Retrieving additional page 2 of 148
    Retrieving additional page 3 of 148
    Retrieving additional page 4 of 148
    Retrieving additional page 5 of 148
    Retrieving additional page 6 of 148
    Retrieving additional page 7 of 148
    Retrieving additional page 8 of 148
    Retrieving additional page 9 of 148
    Retrieving additional page 10 of 148
    Retrieving additional page 11 of 148
    Retrieving additional page 12 of 148
    Retrieving additional page 13 of 148
    Retrieving additional page 14 of 148
    Retrieving additional page 15 of 148
    Retrieving additional page 16 of 148
    Retrieving additional page 17 of 148
    Retrieving additional page 18 of 148
    Retrieving additional page 19 of 148
    Retrieving additional page 20 of 148
    Retrieving additional page 21 of 148
    Retrieving additional page 22 of 148
    Retrieving additional page 23 of 148
    Retrieving additional page 24 of 148
    Retrieving additional page 25 of 148
    Retrieving additional page 26 of 148
    Retrieving additional page 27 of 148
    Retrieving additional page 28 of 148
    Retrieving additional page 29 of 148
    Retrieving additional page 30 of 148
    Retrieving additional page 31 of 148
    Retrieving additional page 32 of 148
    Retrieving additional page 33 of 148
    Retrieving additional page 34 of 148
    Retrieving additional page 35 of 148
    Retrieving additional page 36 of 148
    Retrieving additional page 37 of 148
    Retrieving additional page 38 of 148
    Retrieving additional page 39 of 148
    Retrieving additional page 40 of 148
    Retrieving additional page 41 of 148
    Retrieving additional page 42 of 148
    Retrieving additional page 43 of 148
    Retrieving additional page 44 of 148
    Retrieving additional page 45 of 148
    Retrieving additional page 46 of 148
    Retrieving additional page 47 of 148
    Retrieving additional page 48 of 148
    Retrieving additional page 49 of 148
    Retrieving additional page 50 of 148
    Retrieving additional page 51 of 148
    Retrieving additional page 52 of 148
    Retrieving additional page 53 of 148
    Retrieving additional page 54 of 148
    Retrieving additional page 55 of 148
    Retrieving additional page 56 of 148
    Retrieving additional page 57 of 148
    Retrieving additional page 58 of 148
    Retrieving additional page 59 of 148
    Retrieving additional page 60 of 148
    Retrieving additional page 61 of 148
    Retrieving additional page 62 of 148
    Retrieving additional page 63 of 148
    Retrieving additional page 64 of 148
    Retrieving additional page 65 of 148
    Retrieving additional page 66 of 148
    Retrieving additional page 67 of 148
    Retrieving additional page 68 of 148
    Retrieving additional page 69 of 148
    Retrieving additional page 70 of 148
    Retrieving additional page 71 of 148
    Retrieving additional page 72 of 148
    Retrieving additional page 73 of 148
    Retrieving additional page 74 of 148
    Retrieving additional page 75 of 148
    Retrieving additional page 76 of 148
    Retrieving additional page 77 of 148
    Retrieving additional page 78 of 148
    Retrieving additional page 79 of 148
    Retrieving additional page 80 of 148
    Retrieving additional page 81 of 148
    Retrieving additional page 82 of 148
    Retrieving additional page 83 of 148
    Retrieving additional page 84 of 148
    Retrieving additional page 85 of 148
    Retrieving additional page 86 of 148
    Retrieving additional page 87 of 148
    Retrieving additional page 88 of 148
    Retrieving additional page 89 of 148
    Retrieving additional page 90 of 148
    Retrieving additional page 91 of 148
    Retrieving additional page 92 of 148
    Retrieving additional page 93 of 148
    Retrieving additional page 94 of 148
    Retrieving additional page 95 of 148
    Retrieving additional page 96 of 148
    Retrieving additional page 97 of 148
    Retrieving additional page 98 of 148
    Retrieving additional page 99 of 148
    Retrieving additional page 100 of 148
    Retrieving additional page 101 of 148
    Retrieving additional page 102 of 148
    Retrieving additional page 103 of 148
    Retrieving additional page 104 of 148
    Retrieving additional page 105 of 148
    Retrieving additional page 106 of 148
    Retrieving additional page 107 of 148
    Retrieving additional page 108 of 148
    Retrieving additional page 109 of 148
    Retrieving additional page 110 of 148
    Retrieving additional page 111 of 148
    Retrieving additional page 112 of 148
    Retrieving additional page 113 of 148
    Retrieving additional page 114 of 148
    Retrieving additional page 115 of 148
    Retrieving additional page 116 of 148
    Retrieving additional page 117 of 148
    Retrieving additional page 118 of 148
    Retrieving additional page 119 of 148
    Retrieving additional page 120 of 148
    Retrieving additional page 121 of 148
    Retrieving additional page 122 of 148
    Retrieving additional page 123 of 148
    Retrieving additional page 124 of 148
    Quitting from lines 79-108 (introduction.Rmd)
    Error: processing vignette 'introduction.Rmd' failed with diagnostics:
    HTTP error 429.
    --- failed re-building ‘introduction.Rmd’
    
    SUMMARY: processing the following file failed:
     ‘introduction.Rmd’
    
    Error: Vignette re-building failed.
    Execution halted
Flavor: r-devel-linux-x86_64-debian-gcc