CRAN Package Check Results for Package haploReconstruct

Last updated on 2019-07-21 01:46:56 CEST.

Flavor Version Tinstall Tcheck Ttotal Status Flags
r-devel-linux-x86_64-debian-clang 0.1.2 11.28 61.07 72.35 OK
r-devel-linux-x86_64-debian-gcc 0.1.2 9.93 69.63 79.56 OK
r-devel-linux-x86_64-fedora-clang 0.1.2 78.07 NOTE
r-devel-linux-x86_64-fedora-gcc 0.1.2 89.35 OK
r-devel-windows-ix86+x86_64 0.1.2 19.00 102.00 121.00 NOTE
r-patched-linux-x86_64 0.1.2 10.68 63.09 73.77 OK
r-patched-solaris-x86 0.1.2 128.70 NOTE
r-release-linux-x86_64 0.1.2 12.09 64.68 76.77 OK
r-release-windows-ix86+x86_64 0.1.2 20.00 66.00 86.00 NOTE
r-release-osx-x86_64 0.1.2 NOTE
r-oldrel-windows-ix86+x86_64 0.1.2 20.00 66.00 86.00 NOTE
r-oldrel-osx-x86_64 0.1.2 NOTE

Check Details

Version: 0.1.2
Check: installed package size
Result: NOTE
     installed size is 9.8Mb
     sub-directories of 1Mb or more:
     data 9.4Mb
Flavors: r-devel-linux-x86_64-fedora-clang, r-devel-windows-ix86+x86_64, r-patched-solaris-x86, r-release-windows-ix86+x86_64, r-release-osx-x86_64, r-oldrel-windows-ix86+x86_64, r-oldrel-osx-x86_64