CRAN Package Check Results for Package haploReconstruct

Last updated on 2019-11-12 20:49:02 CET.

Flavor Version Tinstall Tcheck Ttotal Status Flags
r-devel-linux-x86_64-debian-clang 0.1.2 11.44 62.70 74.14 OK
r-devel-linux-x86_64-debian-gcc 0.1.2 9.09 60.38 69.47 OK
r-devel-linux-x86_64-fedora-clang 0.1.2 80.22 NOTE
r-devel-linux-x86_64-fedora-gcc 0.1.2 90.08 OK
r-devel-windows-ix86+x86_64 0.1.2 26.00 67.00 93.00 NOTE
r-patched-linux-x86_64 0.1.2 11.10 60.37 71.47 OK
r-patched-solaris-x86 0.1.2 115.10 NOTE
r-release-linux-x86_64 0.1.2 11.98 61.72 73.70 OK
r-release-windows-ix86+x86_64 0.1.2 25.00 73.00 98.00 NOTE
r-release-osx-x86_64 0.1.2 NOTE
r-oldrel-windows-ix86+x86_64 0.1.2 15.00 110.00 125.00 NOTE
r-oldrel-osx-x86_64 0.1.2 NOTE

Check Details

Version: 0.1.2
Check: installed package size
Result: NOTE
     installed size is 9.8Mb
     sub-directories of 1Mb or more:
     data 9.4Mb
Flavors: r-devel-linux-x86_64-fedora-clang, r-devel-windows-ix86+x86_64, r-patched-solaris-x86, r-release-windows-ix86+x86_64, r-release-osx-x86_64, r-oldrel-windows-ix86+x86_64, r-oldrel-osx-x86_64