CRAN Package Check Results for Package hqmisc

Last updated on 2019-12-08 19:49:33 CET.

Flavor Version Tinstall Tcheck Ttotal Status Flags
r-devel-linux-x86_64-debian-clang 0.1-1 1.73 19.13 20.86 NOTE
r-devel-linux-x86_64-debian-gcc 0.1-1 1.52 15.17 16.69 NOTE
r-devel-linux-x86_64-fedora-clang 0.1-1 26.29 NOTE
r-devel-linux-x86_64-fedora-gcc 0.1-1 24.05 NOTE
r-devel-windows-ix86+x86_64 0.1-1 4.00 38.00 42.00 NOTE
r-devel-windows-ix86+x86_64-gcc8 0.1-1 5.00 28.00 33.00 NOTE
r-patched-linux-x86_64 0.1-1 1.40 17.43 18.83 NOTE
r-patched-solaris-x86 0.1-1 35.70 NOTE
r-release-linux-x86_64 0.1-1 1.55 17.39 18.94 NOTE
r-release-windows-ix86+x86_64 0.1-1 4.00 37.00 41.00 NOTE
r-release-osx-x86_64 0.1-1 NOTE
r-oldrel-windows-ix86+x86_64 0.1-1 3.00 26.00 29.00 NOTE
r-oldrel-osx-x86_64 0.1-1 NOTE

Check Details

Version: 0.1-1
Check: R code for possible problems
Result: NOTE
    bracket: no visible global function definition for 'segments'
    Undefined global functions or variables:
     segments
    Consider adding
     importFrom("graphics", "segments")
    to your NAMESPACE file.
Flavors: r-devel-linux-x86_64-debian-clang, r-devel-linux-x86_64-debian-gcc, r-devel-linux-x86_64-fedora-clang, r-devel-linux-x86_64-fedora-gcc, r-devel-windows-ix86+x86_64, r-devel-windows-ix86+x86_64-gcc8, r-patched-linux-x86_64, r-patched-solaris-x86, r-release-linux-x86_64, r-release-windows-ix86+x86_64, r-release-osx-x86_64, r-oldrel-windows-ix86+x86_64, r-oldrel-osx-x86_64