CRAN Package Check Results for Package hqmisc

Last updated on 2019-07-24 04:46:19 CEST.

Flavor Version Tinstall Tcheck Ttotal Status Flags
r-devel-linux-x86_64-debian-clang 0.1-1 1.63 17.85 19.48 NOTE
r-devel-linux-x86_64-debian-gcc 0.1-1 1.18 14.88 16.06 NOTE
r-devel-linux-x86_64-fedora-clang 0.1-1 23.41 NOTE
r-devel-linux-x86_64-fedora-gcc 0.1-1 22.55 NOTE
r-devel-windows-ix86+x86_64 0.1-1 4.00 28.00 32.00 NOTE
r-patched-linux-x86_64 0.1-1 1.38 17.93 19.31 NOTE
r-patched-solaris-x86 0.1-1 37.10 NOTE
r-release-linux-x86_64 0.1-1 1.56 18.12 19.68 NOTE
r-release-windows-ix86+x86_64 0.1-1 4.00 37.00 41.00 NOTE
r-release-osx-x86_64 0.1-1 NOTE
r-oldrel-windows-ix86+x86_64 0.1-1 3.00 26.00 29.00 NOTE
r-oldrel-osx-x86_64 0.1-1 NOTE

Check Details

Version: 0.1-1
Check: R code for possible problems
Result: NOTE
    bracket: no visible global function definition for 'segments'
    Undefined global functions or variables:
     segments
    Consider adding
     importFrom("graphics", "segments")
    to your NAMESPACE file.
Flavors: r-devel-linux-x86_64-debian-clang, r-devel-linux-x86_64-debian-gcc, r-devel-linux-x86_64-fedora-clang, r-devel-linux-x86_64-fedora-gcc, r-devel-windows-ix86+x86_64, r-patched-linux-x86_64, r-patched-solaris-x86, r-release-linux-x86_64, r-release-windows-ix86+x86_64, r-release-osx-x86_64, r-oldrel-windows-ix86+x86_64, r-oldrel-osx-x86_64