CRAN Package Check Results for Package hsdar

Last updated on 2018-08-15 08:48:45 CEST.

Flavor Version Tinstall Tcheck Ttotal Status Flags
r-devel-linux-x86_64-debian-clang 0.7.1 39.68 312.03 351.71 OK
r-devel-linux-x86_64-debian-gcc 0.7.1 39.50 249.36 288.86 OK
r-devel-linux-x86_64-fedora-clang 0.7.1 432.22 NOTE
r-devel-linux-x86_64-fedora-gcc 0.7.1 425.68 OK
r-devel-windows-ix86+x86_64 0.7.1 98.00 403.00 501.00 NOTE
r-patched-linux-x86_64 0.7.1 37.45 270.21 307.66 NOTE
r-patched-solaris-x86 0.7.1 548.70 NOTE
r-release-linux-x86_64 0.7.1 41.64 270.28 311.92 NOTE
r-release-windows-ix86+x86_64 0.7.1 102.00 401.00 503.00 NOTE
r-release-osx-x86_64 0.7.1 NOTE
r-oldrel-windows-ix86+x86_64 0.7.1 88.00 517.00 605.00 NOTE
r-oldrel-osx-x86_64 0.7.1 OK

Check Details

Version: 0.7.1
Check: installed package size
Result: NOTE
     installed size is 6.1Mb
     sub-directories of 1Mb or more:
     R 1.9Mb
     doc 2.5Mb
Flavors: r-devel-linux-x86_64-fedora-clang, r-devel-windows-ix86+x86_64, r-patched-solaris-x86, r-release-windows-ix86+x86_64, r-release-osx-x86_64, r-oldrel-windows-ix86+x86_64

Version: 0.7.1
Check: DESCRIPTION meta-information
Result: NOTE
    Dependence on R version ‘3.3.1’ not with patchlevel 0
Flavors: r-patched-linux-x86_64, r-release-linux-x86_64