CRAN Package Check Results for Package hsdar

Last updated on 2018-05-26 12:48:16 CEST.

Flavor Version Tinstall Tcheck Ttotal Status Flags
r-devel-linux-x86_64-debian-clang 0.7.0 36.16 298.61 334.77 OK
r-devel-linux-x86_64-debian-gcc 0.7.0 40.20 231.04 271.24 OK
r-devel-linux-x86_64-fedora-clang 0.7.0 419.46 NOTE
r-devel-linux-x86_64-fedora-gcc 0.7.0 410.23 NOTE
r-devel-windows-ix86+x86_64 0.7.0 93.00 362.00 455.00 NOTE
r-patched-linux-x86_64 0.7.0 41.01 253.71 294.72 NOTE
r-patched-solaris-x86 0.7.0 543.60 NOTE
r-release-linux-x86_64 0.7.0 37.78 253.43 291.21 NOTE
r-release-windows-ix86+x86_64 0.7.0 141.00 460.00 601.00 NOTE
r-release-osx-x86_64 0.7.0 NOTE
r-oldrel-windows-ix86+x86_64 0.7.0 96.00 322.00 418.00 NOTE
r-oldrel-osx-x86_64 0.7.0 OK

Check Details

Version: 0.7.0
Check: installed package size
Result: NOTE
     installed size is 6.1Mb
     sub-directories of 1Mb or more:
     R 1.9Mb
     doc 2.5Mb
Flavors: r-devel-linux-x86_64-fedora-clang, r-devel-linux-x86_64-fedora-gcc, r-devel-windows-ix86+x86_64, r-patched-solaris-x86, r-release-windows-ix86+x86_64, r-release-osx-x86_64, r-oldrel-windows-ix86+x86_64

Version: 0.7.0
Check: DESCRIPTION meta-information
Result: NOTE
    Dependence on R version ‘3.3.1’ not with patchlevel 0
Flavors: r-patched-linux-x86_64, r-release-linux-x86_64