CRAN Package Check Results for Package hsdar

Last updated on 2018-02-19 07:53:52 CET.

Flavor Version Tinstall Tcheck Ttotal Status Flags
r-devel-linux-x86_64-debian-clang 0.7.0 48.20 231.27 279.47 NOTE
r-devel-linux-x86_64-debian-gcc 0.7.0 36.48 203.12 239.60 NOTE
r-devel-linux-x86_64-fedora-clang 0.7.0 371.82 NOTE
r-devel-linux-x86_64-fedora-gcc 0.7.0 363.70 NOTE
r-devel-windows-ix86+x86_64 0.7.0 97.00 325.00 422.00 NOTE
r-patched-linux-x86_64 0.7.0 20.15 271.40 291.55 OK
r-patched-solaris-x86 0.7.0 470.70 NOTE
r-release-linux-x86_64 0.7.0 20.04 270.69 290.73 OK
r-release-windows-ix86+x86_64 0.7.0 94.00 500.00 594.00 NOTE
r-release-osx-x86_64 0.7.0 OK
r-oldrel-windows-ix86+x86_64 0.7.0 68.00 430.00 498.00 NOTE
r-oldrel-osx-x86_64 0.7.0 WARN

Check Details

Version: 0.7.0
Check: DESCRIPTION meta-information
Result: NOTE
    Dependence on R version ‘3.3.1’ not with patchlevel 0
Flavors: r-devel-linux-x86_64-debian-clang, r-devel-linux-x86_64-debian-gcc, r-devel-linux-x86_64-fedora-clang, r-devel-linux-x86_64-fedora-gcc

Version: 0.7.0
Check: installed package size
Result: NOTE
     installed size is 6.1Mb
     sub-directories of 1Mb or more:
     R 1.9Mb
     doc 2.5Mb
Flavors: r-devel-linux-x86_64-fedora-clang, r-devel-linux-x86_64-fedora-gcc, r-devel-windows-ix86+x86_64, r-patched-solaris-x86, r-release-windows-ix86+x86_64, r-oldrel-windows-ix86+x86_64

Version: 0.7.0
Check: whether package can be installed
Result: WARN
    Found the following significant warnings:
     Warning: Possible change of value in conversion from REAL(4) to INTEGER(4) at (1)
Flavor: r-oldrel-osx-x86_64