CRAN Package Check Results for Package huge

Last updated on 2019-07-20 16:46:57 CEST.

Flavor Version Tinstall Tcheck Ttotal Status Flags
r-devel-linux-x86_64-debian-clang 1.3.2 63.11 123.33 186.44 NOTE
r-devel-linux-x86_64-debian-gcc 1.3.2 56.42 101.77 158.19 NOTE
r-devel-linux-x86_64-fedora-clang 1.3.2 252.02 NOTE
r-devel-linux-x86_64-fedora-gcc 1.3.2 277.62 NOTE
r-devel-windows-ix86+x86_64 1.3.2 122.00 252.00 374.00 OK
r-patched-linux-x86_64 1.3.2 60.37 119.67 180.04 OK
r-patched-solaris-x86 1.3.2 307.20 OK
r-release-linux-x86_64 1.3.2 62.25 120.15 182.40 OK
r-release-windows-ix86+x86_64 1.3.2 116.00 202.00 318.00 OK
r-release-osx-x86_64 1.3.2 NOTE
r-oldrel-windows-ix86+x86_64 1.3.2 122.00 243.00 365.00 OK
r-oldrel-osx-x86_64 1.3.2 NOTE

Check Details

Version: 1.3.2
Check: for non-standard things in the check directory
Result: NOTE
    Found the following files/directories:
     'default5.eps'
Flavors: r-devel-linux-x86_64-debian-clang, r-devel-linux-x86_64-debian-gcc, r-devel-linux-x86_64-fedora-clang, r-devel-linux-x86_64-fedora-gcc

Version: 1.3.2
Check: installed package size
Result: NOTE
     installed size is 9.8Mb
     sub-directories of 1Mb or more:
     libs 8.1Mb
Flavors: r-devel-linux-x86_64-fedora-clang, r-release-osx-x86_64, r-oldrel-osx-x86_64