CRAN Package Check Results for Package huge

Last updated on 2019-11-12 20:49:02 CET.

Flavor Version Tinstall Tcheck Ttotal Status Flags
r-devel-linux-x86_64-debian-clang 1.3.4 67.62 120.06 187.68 OK
r-devel-linux-x86_64-debian-gcc 1.3.4 51.37 98.86 150.23 OK
r-devel-linux-x86_64-fedora-clang 1.3.4 249.30 NOTE
r-devel-linux-x86_64-fedora-gcc 1.3.4 244.10 OK
r-devel-windows-ix86+x86_64 1.3.4 160.00 249.00 409.00 OK
r-patched-linux-x86_64 1.3.4 56.60 117.02 173.62 OK
r-patched-solaris-x86 1.3.4 273.60 OK
r-release-linux-x86_64 1.3.4 55.12 117.38 172.50 OK
r-release-windows-ix86+x86_64 1.3.4 176.00 206.00 382.00 OK
r-release-osx-x86_64 1.3.4 NOTE
r-oldrel-windows-ix86+x86_64 1.3.4 125.00 242.00 367.00 OK
r-oldrel-osx-x86_64 1.3.4 NOTE

Check Details

Version: 1.3.4
Check: installed package size
Result: NOTE
     installed size is 9.4Mb
     sub-directories of 1Mb or more:
     libs 7.6Mb
Flavors: r-devel-linux-x86_64-fedora-clang, r-release-osx-x86_64, r-oldrel-osx-x86_64