CRAN Package Check Results for Package isdparser

Last updated on 2020-10-29 15:51:08 CET.

Flavor Version Tinstall Tcheck Ttotal Status Flags
r-devel-linux-x86_64-debian-clang 0.4.0 5.52 75.56 81.08 OK
r-devel-linux-x86_64-debian-gcc 0.4.0 4.24 53.36 57.60 OK
r-devel-linux-x86_64-fedora-clang 0.4.0 102.86 NOTE
r-devel-linux-x86_64-fedora-gcc 0.4.0 91.94 NOTE
r-devel-windows-ix86+x86_64 0.4.0 11.00 99.00 110.00 OK
r-patched-linux-x86_64 0.4.0 5.37 70.60 75.97 OK
r-patched-solaris-x86 0.4.0 127.90 NOTE
r-release-linux-x86_64 0.4.0 4.64 69.30 73.94 OK
r-release-macos-x86_64 0.4.0 NOTE
r-release-windows-ix86+x86_64 0.4.0 9.00 96.00 105.00 OK
r-oldrel-macos-x86_64 0.4.0 NOTE
r-oldrel-windows-ix86+x86_64 0.4.0 9.00 93.00 102.00 OK

Check Details

Version: 0.4.0
Check: data for non-ASCII characters
Result: NOTE
     Note: found 104 marked UTF-8 strings
Flavors: r-devel-linux-x86_64-fedora-clang, r-devel-linux-x86_64-fedora-gcc, r-patched-solaris-x86, r-release-macos-x86_64, r-oldrel-macos-x86_64