CRAN Package Check Results for Package jSDM

Last updated on 2020-01-29 11:50:04 CET.

Flavor Version Tinstall Tcheck Ttotal Status Flags
r-devel-linux-x86_64-debian-clang 0.1.0 60.08 82.40 142.48 OK
r-devel-linux-x86_64-debian-gcc 0.1.0 37.36 60.94 98.30 OK
r-devel-linux-x86_64-fedora-clang 0.1.0 101.19 NOTE
r-devel-linux-x86_64-fedora-gcc 0.1.0 179.26 NOTE
r-devel-windows-ix86+x86_64 0.1.0 105.00 183.00 288.00 OK
r-devel-windows-ix86+x86_64-gcc8 0.1.0 149.00 156.00 305.00 OK
r-patched-linux-x86_64 0.1.0 OK
r-patched-solaris-x86 0.1.0 203.70 OK
r-release-linux-x86_64 0.1.0 47.34 76.07 123.41 OK
r-release-windows-ix86+x86_64 0.1.0 111.00 136.00 247.00 OK
r-release-osx-x86_64 0.1.0 NOTE
r-oldrel-windows-ix86+x86_64 0.1.0 137.00 177.00 314.00 OK
r-oldrel-osx-x86_64 0.1.0 NOTE

Check Details

Version: 0.1.0
Check: top-level files
Result: NOTE
    ‘cleanup’: /bin/bash is not portable
Flavors: r-devel-linux-x86_64-fedora-clang, r-devel-linux-x86_64-fedora-gcc

Version: 0.1.0
Check: installed package size
Result: NOTE
     installed size is 5.5Mb
     sub-directories of 1Mb or more:
     doc 1.5Mb
     libs 3.7Mb
Flavors: r-release-osx-x86_64, r-oldrel-osx-x86_64