CRAN Package Check Results for Package jqr

Last updated on 2020-10-29 15:51:08 CET.

Flavor Version Tinstall Tcheck Ttotal Status Flags
r-devel-linux-x86_64-debian-clang 1.1.0 4.37 52.20 56.57 OK
r-devel-linux-x86_64-debian-gcc 1.1.0 3.24 42.48 45.72 OK
r-devel-linux-x86_64-fedora-clang 1.1.0 121.27 NOTE
r-devel-linux-x86_64-fedora-gcc 1.1.0 66.34 NOTE
r-devel-windows-ix86+x86_64 1.1.0 13.00 69.00 82.00 OK
r-patched-linux-x86_64 1.1.0 3.98 50.69 54.67 OK
r-patched-solaris-x86 1.1.0 61.90 OK
r-release-linux-x86_64 1.1.0 3.74 50.68 54.42 OK
r-release-macos-x86_64 1.1.0 OK
r-release-windows-ix86+x86_64 1.1.0 11.00 68.00 79.00 OK
r-oldrel-macos-x86_64 1.1.0 OK
r-oldrel-windows-ix86+x86_64 1.1.0 19.00 71.00 90.00 OK

Check Details

Version: 1.1.0
Check: top-level files
Result: NOTE
    ‘configure’: /bin/bash is not portable
Flavors: r-devel-linux-x86_64-fedora-clang, r-devel-linux-x86_64-fedora-gcc