CRAN Package Check Results for Package jtrans

Last updated on 2019-11-12 20:49:03 CET.

Flavor Version Tinstall Tcheck Ttotal Status Flags
r-devel-linux-x86_64-debian-clang 0.2.1 2.22 17.99 20.21 NOTE
r-devel-linux-x86_64-debian-gcc 0.2.1 1.60 14.69 16.29 NOTE
r-devel-linux-x86_64-fedora-clang 0.2.1 25.23 NOTE
r-devel-linux-x86_64-fedora-gcc 0.2.1 24.57 NOTE
r-devel-windows-ix86+x86_64 0.2.1 7.00 28.00 35.00 NOTE
r-patched-linux-x86_64 0.2.1 1.27 17.66 18.93 NOTE
r-patched-solaris-x86 0.2.1 37.50 NOTE
r-release-linux-x86_64 0.2.1 1.72 17.76 19.48 NOTE
r-release-windows-ix86+x86_64 0.2.1 6.00 32.00 38.00 NOTE
r-release-osx-x86_64 0.2.1 NOTE
r-oldrel-windows-ix86+x86_64 0.2.1 2.00 44.00 46.00 NOTE
r-oldrel-osx-x86_64 0.2.1 NOTE

Check Details

Version: 0.2.1
Check: R code for possible problems
Result: NOTE
    qtls: no visible global function definition for 'quantile'
    qtls: no visible global function definition for 'pnorm'
    Undefined global functions or variables:
     pnorm quantile
    Consider adding
     importFrom("stats", "pnorm", "quantile")
    to your NAMESPACE file.
Flavors: r-devel-linux-x86_64-debian-clang, r-devel-linux-x86_64-debian-gcc, r-devel-linux-x86_64-fedora-clang, r-devel-linux-x86_64-fedora-gcc, r-devel-windows-ix86+x86_64, r-patched-linux-x86_64, r-patched-solaris-x86, r-release-linux-x86_64, r-release-windows-ix86+x86_64, r-release-osx-x86_64, r-oldrel-windows-ix86+x86_64, r-oldrel-osx-x86_64