CRAN Package Check Results for Package jtrans

Last updated on 2019-07-21 01:46:57 CEST.

Flavor Version Tinstall Tcheck Ttotal Status Flags
r-devel-linux-x86_64-debian-clang 0.2.1 1.52 18.05 19.57 NOTE
r-devel-linux-x86_64-debian-gcc 0.2.1 1.46 15.14 16.60 NOTE
r-devel-linux-x86_64-fedora-clang 0.2.1 24.14 NOTE
r-devel-linux-x86_64-fedora-gcc 0.2.1 23.10 NOTE
r-devel-windows-ix86+x86_64 0.2.1 3.00 39.00 42.00 NOTE
r-patched-linux-x86_64 0.2.1 1.59 18.24 19.83 NOTE
r-patched-solaris-x86 0.2.1 40.70 NOTE
r-release-linux-x86_64 0.2.1 1.63 18.14 19.77 NOTE
r-release-windows-ix86+x86_64 0.2.1 4.00 32.00 36.00 NOTE
r-release-osx-x86_64 0.2.1 NOTE
r-oldrel-windows-ix86+x86_64 0.2.1 3.00 28.00 31.00 NOTE
r-oldrel-osx-x86_64 0.2.1 NOTE

Check Details

Version: 0.2.1
Check: R code for possible problems
Result: NOTE
    qtls: no visible global function definition for 'quantile'
    qtls: no visible global function definition for 'pnorm'
    Undefined global functions or variables:
     pnorm quantile
    Consider adding
     importFrom("stats", "pnorm", "quantile")
    to your NAMESPACE file.
Flavors: r-devel-linux-x86_64-debian-clang, r-devel-linux-x86_64-debian-gcc, r-devel-linux-x86_64-fedora-clang, r-devel-linux-x86_64-fedora-gcc, r-devel-windows-ix86+x86_64, r-patched-linux-x86_64, r-patched-solaris-x86, r-release-linux-x86_64, r-release-windows-ix86+x86_64, r-release-osx-x86_64, r-oldrel-windows-ix86+x86_64, r-oldrel-osx-x86_64