CRAN Package Check Results for Package miscF

Last updated on 2019-04-18 12:51:50 CEST.

Flavor Version Tinstall Tcheck Ttotal Status Flags
r-devel-linux-x86_64-debian-clang 0.1-4 10.96 65.74 76.70 OK
r-devel-linux-x86_64-debian-gcc 0.1-4 8.86 54.28 63.14 OK
r-devel-linux-x86_64-fedora-clang 0.1-4 89.28 OK
r-devel-linux-x86_64-fedora-gcc 0.1-4 86.77 OK
r-devel-windows-ix86+x86_64 0.1-4 40.00 93.00 133.00 OK
r-patched-linux-x86_64 0.1-4 11.46 65.14 76.60 OK
r-patched-solaris-x86 0.1-4 147.50 NOTE
r-release-linux-x86_64 0.1-4 6.94 63.55 70.49 OK
r-release-windows-ix86+x86_64 0.1-4 21.00 130.00 151.00 OK
r-release-osx-x86_64 0.1-4 NOTE
r-oldrel-windows-ix86+x86_64 0.1-4 22.00 124.00 146.00 OK
r-oldrel-osx-x86_64 0.1-4 NOTE

Check Details

Version: 0.1-4
Check: package dependencies
Result: NOTE
    Package suggested but not available for checking: ‘BRugs’
Flavor: r-patched-solaris-x86

Version: 0.1-4
Check: package dependencies
Result: NOTE
    Packages suggested but not available for checking: ‘mixAK’ ‘BRugs’
Flavors: r-release-osx-x86_64, r-oldrel-osx-x86_64

Version: 0.1-4
Check: Rd cross-references
Result: NOTE
    Package unavailable to check Rd xrefs: ‘mixAK’
Flavors: r-release-osx-x86_64, r-oldrel-osx-x86_64