CRAN Package Check Results for Package miscF

Last updated on 2019-10-18 20:46:22 CEST.

Flavor Version Tinstall Tcheck Ttotal Status Flags
r-devel-linux-x86_64-debian-clang 0.1-4 10.94 64.50 75.44 OK
r-devel-linux-x86_64-debian-gcc 0.1-4 8.40 50.93 59.33 OK
r-devel-linux-x86_64-fedora-clang 0.1-4 93.98 OK
r-devel-linux-x86_64-fedora-gcc 0.1-4 91.07 OK
r-devel-windows-ix86+x86_64 0.1-4 45.00 89.00 134.00 OK
r-patched-linux-x86_64 0.1-4 9.46 62.94 72.40 OK
r-patched-solaris-x86 0.1-4 141.20 NOTE
r-release-linux-x86_64 0.1-4 9.76 63.18 72.94 OK
r-release-windows-ix86+x86_64 0.1-4 30.00 160.00 190.00 OK
r-release-osx-x86_64 0.1-4 NOTE
r-oldrel-windows-ix86+x86_64 0.1-4 20.00 86.00 106.00 OK
r-oldrel-osx-x86_64 0.1-4 NOTE

Check Details

Version: 0.1-4
Check: package dependencies
Result: NOTE
    Package suggested but not available for checking: ‘BRugs’
Flavor: r-patched-solaris-x86

Version: 0.1-4
Check: package dependencies
Result: NOTE
    Packages suggested but not available for checking: 'mixAK', 'BRugs'
Flavor: r-release-osx-x86_64

Version: 0.1-4
Check: Rd cross-references
Result: NOTE
    Package unavailable to check Rd xrefs: ‘mixAK’
Flavors: r-release-osx-x86_64, r-oldrel-osx-x86_64

Version: 0.1-4
Check: package dependencies
Result: NOTE
    Packages suggested but not available for checking: ‘mixAK’ ‘BRugs’
Flavor: r-oldrel-osx-x86_64