CRAN Package Check Results for Package mlica2

Last updated on 2019-10-15 20:48:50 CEST.

Flavor Version Tinstall Tcheck Ttotal Status Flags
r-devel-linux-x86_64-debian-clang 2.1 1.83 18.62 20.45 NOTE
r-devel-linux-x86_64-debian-gcc 2.1 1.71 15.35 17.06 NOTE
r-devel-linux-x86_64-fedora-clang 2.1 26.37 NOTE
r-devel-linux-x86_64-fedora-gcc 2.1 25.33 NOTE
r-devel-windows-ix86+x86_64 2.1 8.00 27.00 35.00 NOTE
r-patched-linux-x86_64 2.1 1.61 18.77 20.38 NOTE
r-patched-solaris-x86 2.1 38.00 NOTE
r-release-linux-x86_64 2.1 1.94 18.68 20.62 NOTE
r-release-windows-ix86+x86_64 2.1 4.00 40.00 44.00 NOTE
r-release-osx-x86_64 2.1 NOTE
r-oldrel-windows-ix86+x86_64 2.1 2.00 28.00 30.00 NOTE
r-oldrel-osx-x86_64 2.1 NOTE

Check Details

Version: 2.1
Check: R code for possible problems
Result: NOTE
    CheckStability: no visible global function definition for 'cor'
    CheckStability: no visible global function definition for 'var'
    PriorNormPCA: no visible global function definition for 'barplot'
    SortModes: no visible global function definition for 'rnorm'
    mlicaMAIN: no visible global function definition for 'runif'
    Undefined global functions or variables:
     barplot cor rnorm runif var
    Consider adding
     importFrom("graphics", "barplot")
     importFrom("stats", "cor", "rnorm", "runif", "var")
    to your NAMESPACE file.
Flavors: r-devel-linux-x86_64-debian-clang, r-devel-linux-x86_64-debian-gcc, r-devel-linux-x86_64-fedora-clang, r-devel-linux-x86_64-fedora-gcc, r-devel-windows-ix86+x86_64, r-patched-linux-x86_64, r-patched-solaris-x86, r-release-linux-x86_64, r-release-windows-ix86+x86_64, r-release-osx-x86_64, r-oldrel-windows-ix86+x86_64, r-oldrel-osx-x86_64

Version: 2.1
Check: Rd line widths
Result: NOTE
    Rd file 'SortModes.Rd':
     \examples lines wider than 100 characters:
     # A) Computation of relative data power. Store values in vector of size H=ncp. Could use different criterion here.
    
    Rd file 'mlica.rd':
     \examples lines wider than 100 characters:
     print("Consider either increasing the threshold for pca eigenvalues to perform ICA on a smaller subspace or increasing maxi ... [TRUNCATED]
    
    These lines will be truncated in the PDF manual.
Flavors: r-devel-linux-x86_64-debian-clang, r-devel-linux-x86_64-debian-gcc, r-devel-linux-x86_64-fedora-clang, r-devel-linux-x86_64-fedora-gcc, r-patched-linux-x86_64, r-release-linux-x86_64