CRAN Package Check Results for Package multicolor

Last updated on 2020-09-30 08:48:48 CEST.

Flavor Version Tinstall Tcheck Ttotal Status Flags
r-devel-linux-x86_64-debian-clang 0.1.4 2.19 57.89 60.08 OK
r-devel-linux-x86_64-debian-gcc 0.1.4 2.31 46.60 48.91 OK
r-devel-linux-x86_64-fedora-clang 0.1.4 83.62 NOTE
r-devel-linux-x86_64-fedora-gcc 0.1.4 72.92 NOTE
r-devel-windows-ix86+x86_64 0.1.4 7.00 53.00 60.00 OK
r-patched-linux-x86_64 0.1.4 2.80 57.94 60.74 OK
r-patched-solaris-x86 0.1.4 91.80 NOTE
r-release-linux-x86_64 0.1.4 2.48 58.79 61.27 OK
r-release-macos-x86_64 0.1.4 NOTE
r-release-windows-ix86+x86_64 0.1.4 11.00 59.00 70.00 OK
r-oldrel-macos-x86_64 0.1.4 NOTE
r-oldrel-windows-ix86+x86_64 0.1.4 5.00 49.00 54.00 OK

Check Details

Version: 0.1.4
Check: dependencies in R code
Result: NOTE
    Namespace in Imports field not imported from: ‘cowsay’
     All declared Imports should be used.
Flavors: r-devel-linux-x86_64-fedora-clang, r-devel-linux-x86_64-fedora-gcc, r-patched-solaris-x86, r-release-macos-x86_64, r-oldrel-macos-x86_64