CRAN Package Check Results for Package multicolor

Last updated on 2019-11-21 23:48:45 CET.

Flavor Version Tinstall Tcheck Ttotal Status Flags
r-devel-linux-x86_64-debian-clang 0.1.3 2.51 56.33 58.84 OK
r-devel-linux-x86_64-debian-gcc 0.1.3 2.31 49.47 51.78 OK
r-devel-linux-x86_64-fedora-clang 0.1.3 72.44 NOTE
r-devel-linux-x86_64-fedora-gcc 0.1.3 72.77 NOTE
r-devel-windows-ix86+x86_64 0.1.3 12.00 83.00 95.00 OK
r-devel-windows-ix86+x86_64-gcc8 0.1.3 8.00 78.00 86.00 OK
r-patched-linux-x86_64 0.1.3 2.47 56.14 58.61 OK
r-patched-solaris-x86 0.1.3 94.30 NOTE
r-release-linux-x86_64 0.1.3 2.28 57.57 59.85 OK
r-release-windows-ix86+x86_64 0.1.3 10.00 96.00 106.00 OK
r-release-osx-x86_64 0.1.3 NOTE
r-oldrel-windows-ix86+x86_64 0.1.3 4.00 93.00 97.00 OK
r-oldrel-osx-x86_64 0.1.3 NOTE

Check Details

Version: 0.1.3
Check: dependencies in R code
Result: NOTE
    Namespace in Imports field not imported from: ‘cowsay’
     All declared Imports should be used.
Flavors: r-devel-linux-x86_64-fedora-clang, r-devel-linux-x86_64-fedora-gcc, r-patched-solaris-x86, r-release-osx-x86_64, r-oldrel-osx-x86_64