CRAN Package Check Results for Package ncdf4

Last updated on 2019-10-20 08:47:23 CEST.

Flavor Version Tinstall Tcheck Ttotal Status Flags
r-devel-linux-x86_64-debian-clang 1.16.1 7.84 30.96 38.80 NOTE
r-devel-linux-x86_64-debian-gcc 1.16.1 5.99 24.60 30.59 NOTE
r-devel-linux-x86_64-fedora-clang 1.16.1 48.11 NOTE
r-devel-linux-x86_64-fedora-gcc 1.16.1 45.92 NOTE
r-devel-windows-ix86+x86_64 1.16.1 30.00 77.00 107.00 NOTE
r-patched-linux-x86_64 1.16.1 6.85 30.08 36.93 OK
r-patched-solaris-x86 1.16.1 58.90 OK
r-release-linux-x86_64 1.16.1 6.40 31.09 37.49 OK
r-release-windows-ix86+x86_64 1.16.1 22.00 104.00 126.00 NOTE
r-release-osx-x86_64 1.16.1 NOTE
r-oldrel-windows-ix86+x86_64 1.16.1 21.00 104.00 125.00 NOTE
r-oldrel-osx-x86_64 1.16.1 NOTE

Check Details

Version: 1.16.1
Check: for non-standard things in the check directory
Result: NOTE
    Found the following files/directories:
     'atttest_types.nc' 'colornames.nc' 'salinity.nc'
     'states_population.nc' 'temperature.nc' 'test_real3d.nc'
     'transect.nc' 'vartypes.nc' 'writevals.nc'
Flavors: r-devel-linux-x86_64-debian-clang, r-devel-linux-x86_64-debian-gcc, r-devel-linux-x86_64-fedora-clang, r-devel-linux-x86_64-fedora-gcc

Version: 1.16.1
Check: installed package size
Result: NOTE
     installed size is 9.3Mb
     sub-directories of 1Mb or more:
     libs 9.0Mb
Flavors: r-devel-windows-ix86+x86_64, r-release-windows-ix86+x86_64, r-release-osx-x86_64, r-oldrel-windows-ix86+x86_64, r-oldrel-osx-x86_64