CRAN Package Check Results for Package numbers

Last updated on 2018-01-18 18:49:35 CET.

Flavor Version Tinstall Tcheck Ttotal Status Flags
r-devel-linux-x86_64-debian-clang 0.6-6 1.14 24.95 26.09 OK
r-devel-linux-x86_64-debian-gcc 0.6-6 0.93 22.10 23.03 OK
r-devel-linux-x86_64-fedora-clang 0.6-6 34.50 OK
r-devel-linux-x86_64-fedora-gcc 0.6-6 32.27 OK
r-devel-windows-ix86+x86_64 0.6-6 4.00 50.00 54.00 OK
r-patched-linux-x86_64 0.6-6 1.16 26.79 27.95 OK
r-patched-solaris-x86 0.6-6 44.40 OK
r-release-linux-x86_64 0.6-6 1.03 26.71 27.74 OK
r-release-windows-ix86+x86_64 0.6-6 3.00 53.00 56.00 OK
r-release-osx-x86_64 0.6-6 NOTE
r-oldrel-windows-ix86+x86_64 0.6-6 5.00 44.00 49.00 OK
r-oldrel-osx-x86_64 0.6-6 OK

Check Details

Version: 0.6-6
Check: package dependencies
Result: NOTE
    Package suggested but not available for checking: ‘gmp’
Flavor: r-release-osx-x86_64