CRAN Package Check Results for Package optiSel

Last updated on 2020-12-01 23:48:34 CET.

Flavor Version Tinstall Tcheck Ttotal Status Flags
r-devel-linux-x86_64-debian-clang 2.0.3 235.21 280.73 515.94 OK
r-devel-linux-x86_64-debian-gcc 2.0.3 116.66 217.79 334.45 OK
r-devel-linux-x86_64-fedora-clang 2.0.3 591.41 NOTE
r-devel-linux-x86_64-fedora-gcc 2.0.3 551.40 OK
r-devel-windows-ix86+x86_64 2.0.3 407.00 341.00 748.00 NOTE
r-patched-linux-x86_64 2.0.3 137.01 265.09 402.10 OK
r-patched-solaris-x86 2.0.3 690.30 OK
r-release-linux-x86_64 2.0.3 140.38 262.85 403.23 OK
r-release-macos-x86_64 2.0.3 NOTE
r-release-windows-ix86+x86_64 2.0.3 310.00 342.00 652.00 NOTE
r-oldrel-macos-x86_64 2.0.3 WARN
r-oldrel-windows-ix86+x86_64 2.0.3 315.00 444.00 759.00 OK

Check Details

Version: 2.0.3
Check: installed package size
Result: NOTE
     installed size is 6.7Mb
     sub-directories of 1Mb or more:
     extdata 1.8Mb
     libs 3.8Mb
Flavors: r-devel-linux-x86_64-fedora-clang, r-devel-windows-ix86+x86_64, r-release-macos-x86_64, r-release-windows-ix86+x86_64, r-oldrel-macos-x86_64

Version: 2.0.3
Check: Rd cross-references
Result: NOTE
    Undeclared packages ‘alabama’, ‘cccp’, ‘nloptr’ in Rd xrefs
Flavor: r-devel-linux-x86_64-fedora-clang

Version: 2.0.3
Check: whether package can be installed
Result: WARN
    Found the following significant warnings:
     Warning: 'rgl.init' failed, running with 'rgl.useNULL = TRUE'.
Flavor: r-oldrel-macos-x86_64