CRAN Package Check Results for Package partitions

Last updated on 2019-11-12 20:49:08 CET.

Flavor Version Tinstall Tcheck Ttotal Status Flags
r-devel-linux-x86_64-debian-clang 1.9-22 5.63 52.80 58.43 OK
r-devel-linux-x86_64-debian-gcc 1.9-22 3.57 41.12 44.69 OK
r-devel-linux-x86_64-fedora-clang 1.9-22 75.72 OK
r-devel-linux-x86_64-fedora-gcc 1.9-22 73.58 OK
r-devel-windows-ix86+x86_64 1.9-22 20.00 107.00 127.00 OK
r-patched-linux-x86_64 1.9-22 4.54 50.81 55.35 OK
r-patched-solaris-x86 1.9-22 98.60 OK
r-release-linux-x86_64 1.9-22 4.57 50.85 55.42 OK
r-release-windows-ix86+x86_64 1.9-22 19.00 140.00 159.00 OK
r-release-osx-x86_64 1.9-22 OK
r-oldrel-windows-ix86+x86_64 1.9-19 17.00 116.00 133.00 OK
r-oldrel-osx-x86_64 1.9-22 ERROR

Check Details

Version: 1.9-22
Check: whether package can be installed
Result: ERROR
    Installation failed.
Flavor: r-oldrel-osx-x86_64