CRAN Package Check Results for Package poibin

Last updated on 2019-10-15 20:48:54 CEST.

Flavor Version Tinstall Tcheck Ttotal Status Flags
r-devel-linux-x86_64-debian-clang 1.3 2.80 16.34 19.14 OK
r-devel-linux-x86_64-debian-gcc 1.3 2.27 13.52 15.79 WARN
r-devel-linux-x86_64-fedora-clang 1.3 24.38 OK
r-devel-linux-x86_64-fedora-gcc 1.3 23.23 WARN
r-devel-windows-ix86+x86_64 1.3 15.00 32.00 47.00 OK
r-patched-linux-x86_64 1.3 2.30 16.06 18.36 OK
r-patched-solaris-x86 1.3 35.70 OK
r-release-linux-x86_64 1.3 2.32 16.43 18.75 OK
r-release-windows-ix86+x86_64 1.3 8.00 52.00 60.00 OK
r-release-osx-x86_64 1.3 OK
r-oldrel-windows-ix86+x86_64 1.3 7.00 30.00 37.00 OK
r-oldrel-osx-x86_64 1.3 OK

Check Details

Version: 1.3
Check: whether package can be installed
Result: WARN
    Found the following significant warnings:
     dftcf.c:31:9: warning: array subscript -1 is outside array bounds of ‘int[15]’ [-Warray-bounds]
Flavors: r-devel-linux-x86_64-debian-gcc, r-devel-linux-x86_64-fedora-gcc