CRAN Package Check Results for Package poliscidata

Last updated on 2019-10-23 12:48:19 CEST.

Flavor Version Tinstall Tcheck Ttotal Status Flags
r-devel-linux-x86_64-debian-clang 2.2.3 15.95 110.82 126.77 NOTE
r-devel-linux-x86_64-debian-gcc 2.2.3 13.22 85.74 98.96 NOTE
r-devel-linux-x86_64-fedora-clang 2.2.3 159.37 NOTE
r-devel-linux-x86_64-fedora-gcc 2.2.3 154.28 NOTE
r-devel-windows-ix86+x86_64 2.2.3 40.00 183.00 223.00 OK
r-patched-linux-x86_64 2.2.3 15.20 107.52 122.72 OK
r-patched-solaris-x86 2.2.3 224.80 OK
r-release-linux-x86_64 2.2.3 16.75 106.81 123.56 OK
r-release-windows-ix86+x86_64 2.2.3 58.00 132.00 190.00 OK
r-release-osx-x86_64 2.2.3 OK
r-oldrel-windows-ix86+x86_64 2.2.3 40.00 198.00 238.00 OK
r-oldrel-osx-x86_64 2.2.3 OK

Check Details

Version: 2.2.3
Check: for non-standard things in the check directory
Result: NOTE
    Found the following files/directories:
     'Table.Output.html'
Flavors: r-devel-linux-x86_64-debian-clang, r-devel-linux-x86_64-debian-gcc, r-devel-linux-x86_64-fedora-clang, r-devel-linux-x86_64-fedora-gcc