CRAN Package Check Results for Package poliscidata

Last updated on 2020-05-31 00:47:13 CEST.

Flavor Version Tinstall Tcheck Ttotal Status Flags
r-devel-linux-x86_64-debian-clang 2.2.3 16.81 116.74 133.55 NOTE
r-devel-linux-x86_64-debian-gcc 2.2.3 13.48 89.44 102.92 NOTE
r-devel-linux-x86_64-fedora-clang 2.2.3 177.01 NOTE
r-devel-linux-x86_64-fedora-gcc 2.2.3 157.24 NOTE
r-devel-windows-ix86+x86_64 2.2.3 63.00 196.00 259.00 OK
r-patched-linux-x86_64 2.2.3 13.01 113.92 126.93 NOTE
r-patched-solaris-x86 2.2.3 236.20 NOTE
r-release-linux-x86_64 2.2.3 11.20 118.67 129.87 NOTE
r-release-osx-x86_64 2.2.3 OK
r-release-windows-ix86+x86_64 2.2.3 33.00 264.00 297.00 OK
r-oldrel-osx-x86_64 2.2.3 OK
r-oldrel-windows-ix86+x86_64 2.2.3 35.00 132.00 167.00 OK

Check Details

Version: 2.2.3
Check: for non-standard things in the check directory
Result: NOTE
    Found the following files/directories:
     'Table.Output.html'
Flavors: r-devel-linux-x86_64-debian-clang, r-devel-linux-x86_64-debian-gcc, r-devel-linux-x86_64-fedora-clang, r-devel-linux-x86_64-fedora-gcc, r-patched-linux-x86_64, r-patched-solaris-x86, r-release-linux-x86_64