CRAN Package Check Results for Package polynom

Last updated on 2019-10-15 20:48:54 CEST.

Flavor Version Tinstall Tcheck Ttotal Status Flags
r-devel-linux-x86_64-debian-clang 1.4-0 2.71 27.17 29.88 NOTE
r-devel-linux-x86_64-debian-gcc 1.4-0 1.94 22.49 24.43 NOTE
r-devel-linux-x86_64-fedora-clang 1.4-0 38.83 OK
r-devel-linux-x86_64-fedora-gcc 1.4-0 36.86 OK
r-devel-windows-ix86+x86_64 1.4-0 8.00 77.00 85.00 NOTE
r-patched-linux-x86_64 1.4-0 2.24 27.36 29.60 OK
r-patched-solaris-x86 1.4-0 46.20 OK
r-release-linux-x86_64 1.4-0 2.01 27.28 29.29 OK
r-release-windows-ix86+x86_64 1.4-0 9.00 59.00 68.00 OK
r-release-osx-x86_64 1.4-0 WARN
r-oldrel-windows-ix86+x86_64 1.4-0 3.00 58.00 61.00 OK
r-oldrel-osx-x86_64 1.4-0 OK

Check Details

Version: 1.4-0
Check: package vignettes
Result: NOTE
    Package vignette with placeholder title 'Vignette Title':
     'polynomials.Rmd'
Flavors: r-devel-linux-x86_64-debian-clang, r-devel-linux-x86_64-debian-gcc, r-devel-windows-ix86+x86_64

Version: 1.4-0
Check: re-building of vignette outputs
Result: WARN
    Error(s) in re-building vignettes:
     ...
    --- re-building ‘polynomials.Rmd’ using rmarkdown
    Warning in engine$weave(file, quiet = quiet, encoding = enc) :
     Pandoc (>= 1.12.3) and/or pandoc-citeproc not available. Falling back to R Markdown v1.
    Error: processing vignette 'polynomials.Rmd' failed with diagnostics:
    there is no package called 'stringi'
    --- failed re-building ‘polynomials.Rmd’
    
    SUMMARY: processing the following file failed:
     ‘polynomials.Rmd’
    
    Error: Vignette re-building failed.
    Execution halted
Flavor: r-release-osx-x86_64