CRAN Package Check Results for Package processx

Last updated on 2019-10-20 08:47:26 CEST.

Flavor Version Tinstall Tcheck Ttotal Status Flags
r-devel-linux-x86_64-debian-clang 3.4.1 9.06 41.04 50.10 OK
r-devel-linux-x86_64-debian-gcc 3.4.1 6.32 34.30 40.62 OK
r-devel-linux-x86_64-fedora-clang 3.4.1 61.27 OK
r-devel-linux-x86_64-fedora-gcc 3.4.1 59.95 OK
r-devel-windows-ix86+x86_64 3.4.1 50.00 102.00 152.00 OK
r-patched-linux-x86_64 3.4.1 7.86 42.12 49.98 OK
r-patched-solaris-x86 3.4.1 89.10 WARN
r-release-linux-x86_64 3.4.1 7.94 42.61 50.55 OK
r-release-windows-ix86+x86_64 3.4.1 71.00 129.00 200.00 OK
r-release-osx-x86_64 3.4.1 OK
r-oldrel-windows-ix86+x86_64 3.4.1 47.00 97.00 144.00 OK
r-oldrel-osx-x86_64 3.4.1 OK

Check Details

Version: 3.4.1
Check: for unstated dependencies in ‘tests’
Result: WARN
    Warning in deparse(e[[2L]]) :
     it is not known that wchar_t is Unicode on this platform
    Warning in deparse(e[[2L]]) :
     it is not known that wchar_t is Unicode on this platform
    Warning in deparse(e[[2L]]) :
     it is not known that wchar_t is Unicode on this platform
    Warning in deparse(e[[2L]]) :
     it is not known that wchar_t is Unicode on this platform
Flavor: r-patched-solaris-x86