CRAN Package Check Results for Package purrr

Last updated on 2020-05-31 00:47:14 CEST.

Flavor Version Tinstall Tcheck Ttotal Status Flags
r-devel-linux-x86_64-debian-clang 0.3.4 7.15 47.87 55.02 OK
r-devel-linux-x86_64-debian-gcc 0.3.4 5.33 36.79 42.12 OK
r-devel-linux-x86_64-fedora-clang 0.3.4 67.47 OK
r-devel-linux-x86_64-fedora-gcc 0.3.4 64.77 OK
r-devel-windows-ix86+x86_64 0.3.4 2.00 17.00 19.00 ERROR
r-patched-linux-x86_64 0.3.4 5.87 47.35 53.22 OK
r-patched-solaris-x86 0.3.4 89.80 OK
r-release-linux-x86_64 0.3.4 7.63 48.40 56.03 OK
r-release-osx-x86_64 0.3.4 OK
r-release-windows-ix86+x86_64 0.3.4 22.00 147.00 169.00 OK
r-oldrel-osx-x86_64 0.3.4 OK
r-oldrel-windows-ix86+x86_64 0.3.4 30.00 88.00 118.00 OK

Check Details

Version: 0.3.4
Check: whether package can be installed
Result: ERROR
    Installation failed.
Flavor: r-devel-windows-ix86+x86_64