CRAN Package Check Results for Package rattle

Last updated on 2018-10-21 00:46:39 CEST.

Flavor Version Tinstall Tcheck Ttotal Status Flags
r-devel-linux-x86_64-debian-clang 5.2.0 16.07 78.03 94.10 OK
r-devel-linux-x86_64-debian-gcc 5.2.0 14.85 60.48 75.33 OK
r-devel-linux-x86_64-fedora-clang 5.2.0 116.80 NOTE
r-devel-linux-x86_64-fedora-gcc 5.2.0 110.71 OK
r-devel-windows-ix86+x86_64 5.2.0 19.00 115.00 134.00 NOTE
r-patched-linux-x86_64 5.2.0 17.52 74.40 91.92 OK
r-patched-solaris-x86 5.2.0 136.10 NOTE
r-release-linux-x86_64 5.2.0 18.51 75.28 93.79 NOTE
r-release-windows-ix86+x86_64 5.2.0 33.00 110.00 143.00 NOTE
r-release-osx-x86_64 5.2.0 NOTE
r-oldrel-windows-ix86+x86_64 5.2.0 8.00 109.00 117.00 NOTE
r-oldrel-osx-x86_64 5.2.0 NOTE

Check Details

Version: 5.2.0
Check: installed package size
Result: NOTE
     installed size is 7.9Mb
     sub-directories of 1Mb or more:
     data 3.0Mb
     etc 1.9Mb
     po 1.2Mb
Flavors: r-devel-linux-x86_64-fedora-clang, r-devel-windows-ix86+x86_64, r-patched-solaris-x86, r-release-windows-ix86+x86_64, r-release-osx-x86_64, r-oldrel-windows-ix86+x86_64, r-oldrel-osx-x86_64

Version: 5.2.0
Check: package dependencies
Result: NOTE
    Package suggested but not available for checking: ‘rggobi’
Flavor: r-patched-solaris-x86

Version: 5.2.0
Check: package dependencies
Result: NOTE
    Packages suggested but not available for checking: ‘arulesViz’ ‘Hmisc’
Flavor: r-release-linux-x86_64

Version: 5.2.0
Check: package dependencies
Result: NOTE
    Packages suggested but not available for checking:
     ‘cairoDevice’ ‘gWidgetsRGtk2’ ‘playwith’ ‘rggobi’ ‘RGtk2’
     ‘RGtk2Extras’
Flavors: r-release-osx-x86_64, r-oldrel-osx-x86_64