CRAN Package Check Results for Package rattle

Last updated on 2018-01-21 19:50:00 CET.

Flavor Version Tinstall Tcheck Ttotal Status Flags
r-devel-linux-x86_64-debian-clang 5.1.0 1.92 86.46 88.38 OK
r-devel-linux-x86_64-debian-gcc 5.1.0 1.93 64.87 66.80 OK
r-devel-linux-x86_64-fedora-clang 5.1.0 93.91 OK
r-devel-linux-x86_64-fedora-gcc 5.1.0 91.64 OK
r-devel-windows-ix86+x86_64 5.1.0 7.00 92.00 99.00 OK
r-patched-linux-x86_64 5.1.0 2.91 86.84 89.75 OK
r-patched-solaris-x86 5.1.0 132.40 NOTE
r-release-linux-x86_64 5.1.0 2.94 85.57 88.51 OK
r-release-windows-ix86+x86_64 5.1.0 11.00 87.00 98.00 OK
r-release-osx-x86_64 5.1.0 ERROR
r-oldrel-windows-ix86+x86_64 5.1.0 9.00 111.00 120.00 OK
r-oldrel-osx-x86_64 5.1.0 NOTE

Check Details

Version: 5.1.0
Check: package dependencies
Result: NOTE
    Package suggested but not available for checking: ‘rggobi’
Flavor: r-patched-solaris-x86

Version: 5.1.0
Check: package dependencies
Result: ERROR
    Packages required but not available: ‘RGtk2’ ‘cairoDevice’
    
    Packages suggested but not available for checking:
     ‘gWidgetsRGtk2’ ‘playwith’ ‘rggobi’ ‘RGtk2Extras’
    
    See section ‘The DESCRIPTION file’ in the ‘Writing R Extensions’
    manual.
Flavor: r-release-osx-x86_64

Version: 5.1.0
Check: package dependencies
Result: NOTE
    Packages suggested but not available for checking: ‘rggobi’ ‘RODBC’
Flavor: r-oldrel-osx-x86_64