CRAN Package Check Results for Package rattle

Last updated on 2018-04-23 16:53:49 CEST.

Flavor Version Tinstall Tcheck Ttotal Status Flags
r-devel-linux-x86_64-debian-clang 5.1.0 20.02 70.28 90.30 NOTE
r-devel-linux-x86_64-debian-gcc 5.1.0 15.69 62.10 77.79 NOTE
r-devel-linux-x86_64-fedora-clang 5.1.0 119.29 NOTE
r-devel-linux-x86_64-fedora-gcc 5.1.0 113.30 NOTE
r-devel-windows-ix86+x86_64 5.1.0 30.00 80.00 110.00 OK
r-devel-osx-x86_64 5.1.0 ERROR
r-patched-linux-x86_64 5.1.0 17.22 79.08 96.30 NOTE
r-patched-solaris-x86 5.1.0 139.50 NOTE
r-release-linux-x86_64 5.1.0 2.84 83.64 86.48 NOTE
r-release-windows-ix86+x86_64 5.1.0 7.00 87.00 94.00 OK
r-release-osx-x86_64 5.1.0 ERROR
r-oldrel-windows-ix86+x86_64 5.1.0 6.00 92.00 98.00 OK

Check Details

Version: 5.1.0
Check: package dependencies
Result: NOTE
    Package suggested but not available for checking: ‘odfWeave’
Flavors: r-devel-linux-x86_64-debian-clang, r-devel-linux-x86_64-debian-gcc, r-devel-linux-x86_64-fedora-clang, r-devel-linux-x86_64-fedora-gcc, r-patched-linux-x86_64, r-release-linux-x86_64

Version: 5.1.0
Check: package dependencies
Result: ERROR
    Packages required but not available: ‘RGtk2’ ‘cairoDevice’
    
    Packages suggested but not available for checking:
     ‘gWidgetsRGtk2’ ‘playwith’ ‘rggobi’ ‘RGtk2Extras’
    
    See section ‘The DESCRIPTION file’ in the ‘Writing R Extensions’
    manual.
Flavors: r-devel-osx-x86_64, r-release-osx-x86_64

Version: 5.1.0
Check: package dependencies
Result: NOTE
    Packages suggested but not available for checking: ‘odfWeave’ ‘rggobi’
Flavor: r-patched-solaris-x86

Version: 5.1.0
Check: installed package size
Result: NOTE
     installed size is 5.6Mb
     sub-directories of 1Mb or more:
     R 1.3Mb
     etc 2.2Mb
     po 1.5Mb
Flavor: r-patched-solaris-x86