CRAN Package Check Results for Package rcrossref

Last updated on 2020-10-29 15:51:15 CET.

Flavor Version Tinstall Tcheck Ttotal Status Flags
r-devel-linux-x86_64-debian-clang 1.1.0 10.15 241.22 251.37 OK
r-devel-linux-x86_64-debian-gcc 1.1.0 7.53 179.10 186.63 OK
r-devel-linux-x86_64-fedora-clang 1.1.0 302.64 NOTE
r-devel-linux-x86_64-fedora-gcc 1.1.0 304.24 OK
r-devel-windows-ix86+x86_64 1.1.0 18.00 235.00 253.00 OK
r-patched-linux-x86_64 1.1.0 9.24 238.24 247.48 OK
r-patched-solaris-x86 1.1.0 374.30 OK
r-release-linux-x86_64 1.1.0 9.74 232.03 241.77 OK
r-release-macos-x86_64 1.1.0 OK
r-release-windows-ix86+x86_64 1.1.0 13.00 234.00 247.00 OK
r-oldrel-macos-x86_64 1.1.0 OK
r-oldrel-windows-ix86+x86_64 1.1.0 16.00 266.00 282.00 OK

Check Details

Version: 1.1.0
Check: package dependencies
Result: NOTE
    Suggests orphaned package: ‘bibtex’
Flavor: r-devel-linux-x86_64-fedora-clang