CRAN Package Check Results for Package readwritesqlite

Last updated on 2020-01-29 07:52:22 CET.

Flavor Version Tinstall Tcheck Ttotal Status Flags
r-devel-linux-x86_64-debian-clang 0.0.2 4.75 91.55 96.30 ERROR
r-devel-linux-x86_64-debian-gcc 0.0.2 3.88 69.68 73.56 ERROR
r-devel-linux-x86_64-fedora-clang 0.0.2 117.62 ERROR
r-devel-linux-x86_64-fedora-gcc 0.0.2 116.45 ERROR
r-devel-windows-ix86+x86_64 0.0.2 13.00 129.00 142.00 OK
r-devel-windows-ix86+x86_64-gcc8 0.0.2 25.00 115.00 140.00 OK
r-patched-linux-x86_64 0.0.2 OK
r-patched-solaris-x86 0.0.2 134.60 ERROR
r-release-linux-x86_64 0.0.2 3.66 78.85 82.51 OK
r-release-windows-ix86+x86_64 0.0.2 10.00 98.00 108.00 OK
r-release-osx-x86_64 0.0.2 OK
r-oldrel-windows-ix86+x86_64 0.0.2 10.00 97.00 107.00 OK
r-oldrel-osx-x86_64 0.0.2 OK

Check Details

Version: 0.0.2
Check: tests
Result: ERROR
     Running 'testthat.R' [38s/41s]
    Running the tests in 'tests/testthat.R' failed.
    Complete output:
     > library(testthat)
     > library(readwritesqlite)
     >
     > test_check("readwritesqlite")
     -- 1. Failure: meta sfc different types (@test-meta.R#440) --------------------
     remote2$ztext not identical to "MULTIPOINT (0 1, 0 1, 0 1)".
     1/1 mismatches
     x[1]: "MULTIPOINT ((0 1), (0 1), (0 1))"
     y[1]: "MULTIPOINT (0 1, 0 1, 0 1)"
    
     == testthat results ===========================================================
     [ OK: 443 | SKIPPED: 0 | WARNINGS: 27 | FAILED: 1 ]
     1. Failure: meta sfc different types (@test-meta.R#440)
    
     Error: testthat unit tests failed
     Execution halted
Flavor: r-devel-linux-x86_64-debian-clang

Version: 0.0.2
Check: tests
Result: ERROR
     Running ‘testthat.R’ [28s/37s]
    Running the tests in ‘tests/testthat.R’ failed.
    Complete output:
     > library(testthat)
     > library(readwritesqlite)
     >
     > test_check("readwritesqlite")
     ── 1. Failure: meta sfc different types (@test-meta.R#440) ────────────────────
     remote2$ztext not identical to "MULTIPOINT (0 1, 0 1, 0 1)".
     1/1 mismatches
     x[1]: "MULTIPOINT ((0 1), (0 1), (0 1))"
     y[1]: "MULTIPOINT (0 1, 0 1, 0 1)"
    
     ══ testthat results ═══════════════════════════════════════════════════════════
     [ OK: 443 | SKIPPED: 0 | WARNINGS: 27 | FAILED: 1 ]
     1. Failure: meta sfc different types (@test-meta.R#440)
    
     Error: testthat unit tests failed
     Execution halted
Flavor: r-devel-linux-x86_64-debian-gcc

Version: 0.0.2
Check: tests
Result: ERROR
     Running ‘testthat.R’ [44s/55s]
    Running the tests in ‘tests/testthat.R’ failed.
    Complete output:
     > library(testthat)
     > library(readwritesqlite)
     >
     > test_check("readwritesqlite")
     ── 1. Failure: meta sfc different types (@test-meta.R#440) ────────────────────
     remote2$ztext not identical to "MULTIPOINT (0 1, 0 1, 0 1)".
     1/1 mismatches
     x[1]: "MULTIPOINT ((0 1), (0 1), (0 1))"
     y[1]: "MULTIPOINT (0 1, 0 1, 0 1)"
    
     ══ testthat results ═══════════════════════════════════════════════════════════
     [ OK: 443 | SKIPPED: 0 | WARNINGS: 27 | FAILED: 1 ]
     1. Failure: meta sfc different types (@test-meta.R#440)
    
     Error: testthat unit tests failed
     Execution halted
Flavor: r-devel-linux-x86_64-fedora-clang

Version: 0.0.2
Check: tests
Result: ERROR
     Running ‘testthat.R’ [44s/67s]
    Running the tests in ‘tests/testthat.R’ failed.
    Complete output:
     > library(testthat)
     > library(readwritesqlite)
     >
     > test_check("readwritesqlite")
     ── 1. Failure: meta sfc different types (@test-meta.R#440) ────────────────────
     remote2$ztext not identical to "MULTIPOINT (0 1, 0 1, 0 1)".
     1/1 mismatches
     x[1]: "MULTIPOINT ((0 1), (0 1), (0 1))"
     y[1]: "MULTIPOINT (0 1, 0 1, 0 1)"
    
     ══ testthat results ═══════════════════════════════════════════════════════════
     [ OK: 443 | SKIPPED: 0 | WARNINGS: 27 | FAILED: 1 ]
     1. Failure: meta sfc different types (@test-meta.R#440)
    
     Error: testthat unit tests failed
     Execution halted
Flavor: r-devel-linux-x86_64-fedora-gcc

Version: 0.0.2
Check: tests
Result: ERROR
     Running ‘testthat.R’ [44s/48s]
    Running the tests in ‘tests/testthat.R’ failed.
    Complete output:
     > library(testthat)
     > library(readwritesqlite)
     >
     > test_check("readwritesqlite")
     ── 1. Failure: meta sfc different types (@test-meta.R#440) ────────────────────
     remote2$ztext not identical to "MULTIPOINT (0 1, 0 1, 0 1)".
     1/1 mismatches
     x[1]: "MULTIPOINT ((0 1), (0 1), (0 1))"
     y[1]: "MULTIPOINT (0 1, 0 1, 0 1)"
    
     ══ testthat results ═══════════════════════════════════════════════════════════
     [ OK: 443 | SKIPPED: 0 | WARNINGS: 27 | FAILED: 1 ]
     1. Failure: meta sfc different types (@test-meta.R#440)
    
     Error: testthat unit tests failed
     Execution halted
Flavor: r-patched-solaris-x86