CRAN Package Check Results for Package recipes

Last updated on 2019-11-21 23:48:50 CET.

Flavor Version Tinstall Tcheck Ttotal Status Flags
r-devel-linux-x86_64-debian-clang 0.1.7 19.86 241.75 261.61 ERROR
r-devel-linux-x86_64-debian-gcc 0.1.7 15.79 199.97 215.76 ERROR
r-devel-linux-x86_64-fedora-clang 0.1.7 320.64 ERROR
r-devel-linux-x86_64-fedora-gcc 0.1.7 317.77 ERROR
r-devel-windows-ix86+x86_64 0.1.7 55.00 275.00 330.00 ERROR
r-devel-windows-ix86+x86_64-gcc8 0.1.7 35.00 272.00 307.00 ERROR
r-patched-linux-x86_64 0.1.7 16.51 231.88 248.39 ERROR
r-patched-solaris-x86 0.1.7 484.70 ERROR
r-release-linux-x86_64 0.1.7 17.71 231.87 249.58 ERROR
r-release-windows-ix86+x86_64 0.1.7 48.00 356.00 404.00 ERROR
r-release-osx-x86_64 0.1.7 OK
r-oldrel-windows-ix86+x86_64 0.1.7 22.00 323.00 345.00 ERROR
r-oldrel-osx-x86_64 0.1.7 OK

Check Details

Version: 0.1.7
Check: tests
Result: ERROR
     Running 'testthat.R' [56s/59s]
    Running the tests in 'tests/testthat.R' failed.
    Complete output:
     > library(testthat)
     > library(recipes)
     Loading required package: dplyr
    
     Attaching package: 'dplyr'
    
     The following object is masked from 'package:testthat':
    
     matches
    
     The following objects are masked from 'package:stats':
    
     filter, lag
    
     The following objects are masked from 'package:base':
    
     intersect, setdiff, setequal, union
    
    
     Attaching package: 'recipes'
    
     The following object is masked from 'package:stats':
    
     step
    
     >
     > test_check(package = "recipes")
     -- 1. Error: quasiquotation (@test_slice.R#40) --------------------------------
     `call` must be a call
    
     == testthat results ===========================================================
     [ OK: 1394 | SKIPPED: 7 | WARNINGS: 0 | FAILED: 1 ]
     1. Error: quasiquotation (@test_slice.R#40)
    
     Error: testthat unit tests failed
     Execution halted
Flavor: r-devel-linux-x86_64-debian-clang

Version: 0.1.7
Check: tests
Result: ERROR
     Running ‘testthat.R’ [51s/69s]
    Running the tests in ‘tests/testthat.R’ failed.
    Complete output:
     > library(testthat)
     > library(recipes)
     Loading required package: dplyr
    
     Attaching package: 'dplyr'
    
     The following object is masked from 'package:testthat':
    
     matches
    
     The following objects are masked from 'package:stats':
    
     filter, lag
    
     The following objects are masked from 'package:base':
    
     intersect, setdiff, setequal, union
    
    
     Attaching package: 'recipes'
    
     The following object is masked from 'package:stats':
    
     step
    
     >
     > test_check(package = "recipes")
     ── 1. Error: quasiquotation (@test_slice.R#40) ────────────────────────────────
     `call` must be a call
    
     ══ testthat results ═══════════════════════════════════════════════════════════
     [ OK: 1394 | SKIPPED: 7 | WARNINGS: 0 | FAILED: 1 ]
     1. Error: quasiquotation (@test_slice.R#40)
    
     Error: testthat unit tests failed
     Execution halted
Flavor: r-devel-linux-x86_64-debian-gcc

Version: 0.1.7
Check: tests
Result: ERROR
     Running ‘testthat.R’ [72s/179s]
    Running the tests in ‘tests/testthat.R’ failed.
    Complete output:
     > library(testthat)
     > library(recipes)
     Loading required package: dplyr
    
     Attaching package: 'dplyr'
    
     The following object is masked from 'package:testthat':
    
     matches
    
     The following objects are masked from 'package:stats':
    
     filter, lag
    
     The following objects are masked from 'package:base':
    
     intersect, setdiff, setequal, union
    
    
     Attaching package: 'recipes'
    
     The following object is masked from 'package:stats':
    
     step
    
     >
     > test_check(package = "recipes")
     ── 1. Error: quasiquotation (@test_slice.R#40) ────────────────────────────────
     `call` must be a call
    
     ══ testthat results ═══════════════════════════════════════════════════════════
     [ OK: 1394 | SKIPPED: 7 | WARNINGS: 0 | FAILED: 1 ]
     1. Error: quasiquotation (@test_slice.R#40)
    
     Error: testthat unit tests failed
     Execution halted
Flavor: r-devel-linux-x86_64-fedora-clang

Version: 0.1.7
Check: tests
Result: ERROR
     Running ‘testthat.R’ [75s/94s]
    Running the tests in ‘tests/testthat.R’ failed.
    Complete output:
     > library(testthat)
     > library(recipes)
     Loading required package: dplyr
    
     Attaching package: 'dplyr'
    
     The following object is masked from 'package:testthat':
    
     matches
    
     The following objects are masked from 'package:stats':
    
     filter, lag
    
     The following objects are masked from 'package:base':
    
     intersect, setdiff, setequal, union
    
    
     Attaching package: 'recipes'
    
     The following object is masked from 'package:stats':
    
     step
    
     >
     > test_check(package = "recipes")
     ── 1. Error: quasiquotation (@test_slice.R#40) ────────────────────────────────
     `call` must be a call
    
     ══ testthat results ═══════════════════════════════════════════════════════════
     [ OK: 1394 | SKIPPED: 7 | WARNINGS: 0 | FAILED: 1 ]
     1. Error: quasiquotation (@test_slice.R#40)
    
     Error: testthat unit tests failed
     Execution halted
Flavor: r-devel-linux-x86_64-fedora-gcc

Version: 0.1.7
Check: tests
Result: ERROR
     Running 'testthat.R' [51s]
    Running the tests in 'tests/testthat.R' failed.
    Complete output:
     > library(testthat)
     > library(recipes)
     Loading required package: dplyr
    
     Attaching package: 'dplyr'
    
     The following object is masked from 'package:testthat':
    
     matches
    
     The following objects are masked from 'package:stats':
    
     filter, lag
    
     The following objects are masked from 'package:base':
    
     intersect, setdiff, setequal, union
    
    
     Attaching package: 'recipes'
    
     The following object is masked from 'package:stats':
    
     step
    
     >
     > test_check(package = "recipes")
     1 package is needed for this model and is not installed. (NMF). Start a clean R session then run: install.packages("NMF")-- 1. Error: quasiquotation (@test_slice.R#40) --------------------------------
     `call` must be a call
    
     == testthat results ===========================================================
     [ OK: 1394 | SKIPPED: 7 | WARNINGS: 0 | FAILED: 1 ]
     1. Error: quasiquotation (@test_slice.R#40)
    
     Error: testthat unit tests failed
     Execution halted
Flavor: r-devel-windows-ix86+x86_64

Version: 0.1.7
Check: tests
Result: ERROR
     Running 'testthat.R' [52s]
    Running the tests in 'tests/testthat.R' failed.
    Complete output:
     > library(testthat)
     > library(recipes)
     Loading required package: dplyr
    
     Attaching package: 'dplyr'
    
     The following object is masked from 'package:testthat':
    
     matches
    
     The following objects are masked from 'package:stats':
    
     filter, lag
    
     The following objects are masked from 'package:base':
    
     intersect, setdiff, setequal, union
    
    
     Attaching package: 'recipes'
    
     The following object is masked from 'package:stats':
    
     step
    
     >
     > test_check(package = "recipes")
     1 package is needed for this model and is not installed. (NMF). Start a clean R session then run: install.packages("NMF")-- 1. Error: quasiquotation (@test_slice.R#40) --------------------------------
     `call` must be a call
    
     == testthat results ===========================================================
     [ OK: 1394 | SKIPPED: 7 | WARNINGS: 0 | FAILED: 1 ]
     1. Error: quasiquotation (@test_slice.R#40)
    
     Error: testthat unit tests failed
     Execution halted
Flavor: r-devel-windows-ix86+x86_64-gcc8

Version: 0.1.7
Check: tests
Result: ERROR
     Running ‘testthat.R’ [56s/59s]
    Running the tests in ‘tests/testthat.R’ failed.
    Complete output:
     > library(testthat)
     > library(recipes)
     Loading required package: dplyr
    
     Attaching package: 'dplyr'
    
     The following object is masked from 'package:testthat':
    
     matches
    
     The following objects are masked from 'package:stats':
    
     filter, lag
    
     The following objects are masked from 'package:base':
    
     intersect, setdiff, setequal, union
    
    
     Attaching package: 'recipes'
    
     The following object is masked from 'package:stats':
    
     step
    
     >
     > test_check(package = "recipes")
     ── 1. Error: quasiquotation (@test_slice.R#40) ────────────────────────────────
     `call` must be a call
    
     ══ testthat results ═══════════════════════════════════════════════════════════
     [ OK: 1394 | SKIPPED: 7 | WARNINGS: 0 | FAILED: 1 ]
     1. Error: quasiquotation (@test_slice.R#40)
    
     Error: testthat unit tests failed
     Execution halted
Flavor: r-patched-linux-x86_64

Version: 0.1.7
Check: tests
Result: ERROR
     Running ‘testthat.R’ [147s/170s]
    Running the tests in ‘tests/testthat.R’ failed.
    Complete output:
     > library(testthat)
     > library(recipes)
     Loading required package: dplyr
    
     Attaching package: 'dplyr'
    
     The following object is masked from 'package:testthat':
    
     matches
    
     The following objects are masked from 'package:stats':
    
     filter, lag
    
     The following objects are masked from 'package:base':
    
     intersect, setdiff, setequal, union
    
    
     Attaching package: 'recipes'
    
     The following object is masked from 'package:stats':
    
     step
    
     >
     > test_check(package = "recipes")
     1 package is needed for this model and is not installed. (NMF). Start a clean R session then run: install.packages("NMF")── 1. Error: quasiquotation (@test_slice.R#40) ────────────────────────────────
     `call` must be a call
    
     ══ testthat results ═══════════════════════════════════════════════════════════
     [ OK: 1394 | SKIPPED: 7 | WARNINGS: 0 | FAILED: 1 ]
     1. Error: quasiquotation (@test_slice.R#40)
    
     Error: testthat unit tests failed
     Execution halted
Flavor: r-patched-solaris-x86

Version: 0.1.7
Check: tests
Result: ERROR
     Running ‘testthat.R’ [55s/58s]
    Running the tests in ‘tests/testthat.R’ failed.
    Complete output:
     > library(testthat)
     > library(recipes)
     Loading required package: dplyr
    
     Attaching package: 'dplyr'
    
     The following object is masked from 'package:testthat':
    
     matches
    
     The following objects are masked from 'package:stats':
    
     filter, lag
    
     The following objects are masked from 'package:base':
    
     intersect, setdiff, setequal, union
    
    
     Attaching package: 'recipes'
    
     The following object is masked from 'package:stats':
    
     step
    
     >
     > test_check(package = "recipes")
     ── 1. Error: quasiquotation (@test_slice.R#40) ────────────────────────────────
     `call` must be a call
    
     ══ testthat results ═══════════════════════════════════════════════════════════
     [ OK: 1394 | SKIPPED: 7 | WARNINGS: 0 | FAILED: 1 ]
     1. Error: quasiquotation (@test_slice.R#40)
    
     Error: testthat unit tests failed
     Execution halted
Flavor: r-release-linux-x86_64

Version: 0.1.7
Check: tests
Result: ERROR
     Running 'testthat.R' [67s]
    Running the tests in 'tests/testthat.R' failed.
    Complete output:
     > library(testthat)
     > library(recipes)
     Loading required package: dplyr
    
     Attaching package: 'dplyr'
    
     The following object is masked from 'package:testthat':
    
     matches
    
     The following objects are masked from 'package:stats':
    
     filter, lag
    
     The following objects are masked from 'package:base':
    
     intersect, setdiff, setequal, union
    
    
     Attaching package: 'recipes'
    
     The following object is masked from 'package:stats':
    
     step
    
     >
     > test_check(package = "recipes")
     1 package is needed for this model and is not installed. (NMF). Start a clean R session then run: install.packages("NMF")-- 1. Error: quasiquotation (@test_slice.R#40) --------------------------------
     `call` must be a call
    
     == testthat results ===========================================================
     [ OK: 1394 | SKIPPED: 7 | WARNINGS: 0 | FAILED: 1 ]
     1. Error: quasiquotation (@test_slice.R#40)
    
     Error: testthat unit tests failed
     Execution halted
Flavor: r-release-windows-ix86+x86_64

Version: 0.1.7
Check: tests
Result: ERROR
     Running 'testthat.R' [78s]
    Running the tests in 'tests/testthat.R' failed.
    Complete output:
     > library(testthat)
     > library(recipes)
     Loading required package: dplyr
    
     Attaching package: 'dplyr'
    
     The following object is masked from 'package:testthat':
    
     matches
    
     The following objects are masked from 'package:stats':
    
     filter, lag
    
     The following objects are masked from 'package:base':
    
     intersect, setdiff, setequal, union
    
    
     Attaching package: 'recipes'
    
     The following object is masked from 'package:stats':
    
     step
    
     >
     > test_check(package = "recipes")
     1 package is needed for this model and is not installed. (NMF). Start a clean R session then run: install.packages("NMF")-- 1. Error: quasiquotation (@test_slice.R#40) --------------------------------
     `call` must be a call
    
     == testthat results ===========================================================
     [ OK: 1394 | SKIPPED: 7 | WARNINGS: 0 | FAILED: 1 ]
     1. Error: quasiquotation (@test_slice.R#40)
    
     Error: testthat unit tests failed
     Execution halted
Flavor: r-oldrel-windows-ix86+x86_64