CRAN Package Check Results for Package rjags

Last updated on 2020-12-01 23:48:38 CET.

Flavor Version Tinstall Tcheck Ttotal Status Flags
r-devel-linux-x86_64-debian-clang 4-10 11.87 31.80 43.67 OK
r-devel-linux-x86_64-debian-gcc 4-10 6.69 27.78 34.47 OK
r-devel-linux-x86_64-fedora-clang 4-10 57.43 OK
r-devel-linux-x86_64-fedora-gcc 4-10 46.98 OK
r-devel-windows-ix86+x86_64 4-10 20.00 54.00 74.00 OK
r-patched-linux-x86_64 4-10 8.01 32.23 40.24 OK
r-patched-solaris-x86 4-10 71.00 OK
r-release-linux-x86_64 4-10 7.85 32.35 40.20 OK
r-release-macos-x86_64 4-10 OK
r-release-windows-ix86+x86_64 4-10 20.00 55.00 75.00 OK
r-oldrel-macos-x86_64 4-10 NOTE
r-oldrel-windows-ix86+x86_64 4-10 17.00 59.00 76.00 OK

Check Details

Version: 4-10
Check: dependencies in R code
Result: NOTE
    No protocol specified
    No protocol specified
Flavor: r-oldrel-macos-x86_64