CRAN Package Check Results for Package rmapzen

Last updated on 2020-04-03 16:48:43 CEST.

Flavor Version Tinstall Tcheck Ttotal Status Flags
r-devel-linux-x86_64-debian-clang 0.4.2 4.40 105.78 110.18 OK
r-devel-linux-x86_64-debian-gcc 0.4.2 4.26 81.13 85.39 OK
r-devel-linux-x86_64-fedora-clang 0.4.2 122.71 NOTE
r-devel-linux-x86_64-fedora-gcc 0.4.2 123.67 NOTE
r-devel-windows-ix86+x86_64 0.4.2 14.00 112.00 126.00 OK
r-devel-windows-ix86+x86_64-gcc8 0.4.2 12.00 113.00 125.00 OK
r-patched-linux-x86_64 0.4.2 4.84 103.25 108.09 OK
r-patched-solaris-x86 0.4.2 161.40 NOTE
r-release-linux-x86_64 0.4.2 3.99 92.46 96.45 OK
r-release-windows-ix86+x86_64 0.4.2 8.00 107.00 115.00 OK
r-release-osx-x86_64 0.4.2 NOTE
r-oldrel-windows-ix86+x86_64 0.4.2 6.00 119.00 125.00 OK
r-oldrel-osx-x86_64 0.4.2 NOTE

Check Details

Version: 0.4.2
Check: data for non-ASCII characters
Result: NOTE
     Note: found 31 marked UTF-8 strings
Flavors: r-devel-linux-x86_64-fedora-clang, r-devel-linux-x86_64-fedora-gcc, r-patched-solaris-x86, r-release-osx-x86_64, r-oldrel-osx-x86_64

Version: 0.4.2
Check: dependencies in R code
Result: NOTE
    Missing or unexported object: ‘tidyr::one_of’
Flavors: r-release-osx-x86_64, r-oldrel-osx-x86_64