CRAN Package Check Results for Package rpostgisLT

Last updated on 2019-10-20 08:47:28 CEST.

Flavor Version Tinstall Tcheck Ttotal Status Flags
r-devel-linux-x86_64-debian-clang 0.6.0 10.93 94.83 105.76 OK
r-devel-linux-x86_64-debian-gcc 0.6.0 11.46 74.25 85.71 OK
r-devel-linux-x86_64-fedora-clang 0.6.0 128.76 NOTE
r-devel-linux-x86_64-fedora-gcc 0.6.0 133.60 NOTE
r-devel-windows-ix86+x86_64 0.6.0 28.00 139.00 167.00 OK
r-patched-linux-x86_64 0.6.0 12.25 92.92 105.17 OK
r-patched-solaris-x86 0.6.0 182.20 NOTE
r-release-linux-x86_64 0.6.0 11.81 94.19 106.00 OK
r-release-windows-ix86+x86_64 0.6.0 35.00 101.00 136.00 OK
r-release-osx-x86_64 0.6.0 NOTE
r-oldrel-windows-ix86+x86_64 0.6.0 16.00 90.00 106.00 OK
r-oldrel-osx-x86_64 0.6.0 NOTE

Check Details

Version: 0.6.0
Check: dependencies in R code
Result: NOTE
    Namespace in Imports field not imported from: ‘htmltools’
     All declared Imports should be used.
Flavors: r-devel-linux-x86_64-fedora-clang, r-devel-linux-x86_64-fedora-gcc, r-patched-solaris-x86, r-release-osx-x86_64, r-oldrel-osx-x86_64