CRAN Package Check Results for Package rsMove

Last updated on 2020-01-29 11:50:17 CET.

Flavor Version Tinstall Tcheck Ttotal Status Flags
r-devel-linux-x86_64-debian-clang 0.2.7 51.01 222.20 273.21 OK
r-devel-linux-x86_64-debian-gcc 0.2.7 35.18 170.84 206.02 OK
r-devel-linux-x86_64-fedora-clang 0.2.7 332.27 NOTE
r-devel-linux-x86_64-fedora-gcc 0.2.7 322.69 OK
r-devel-windows-ix86+x86_64 0.2.7 100.00 387.00 487.00 OK
r-devel-windows-ix86+x86_64-gcc8 0.2.7 143.00 307.00 450.00 OK
r-patched-linux-x86_64 0.2.7 OK
r-patched-solaris-x86 0.2.7 437.00 OK
r-release-linux-x86_64 0.2.7 35.85 195.97 231.82 OK
r-release-windows-ix86+x86_64 0.2.7 79.00 260.00 339.00 OK
r-release-osx-x86_64 0.2.7 OK
r-oldrel-windows-ix86+x86_64 0.2.7 88.00 260.00 348.00 OK
r-oldrel-osx-x86_64 0.2.7 OK

Check Details

Version: 0.2.7
Check: package dependencies
Result: NOTE
    Suggests orphaned package: ‘imager’
Flavor: r-devel-linux-x86_64-fedora-clang