CRAN Package Check Results for Package rticles

Last updated on 2019-09-17 00:49:25 CEST.

Flavor Version Tinstall Tcheck Ttotal Status Flags
r-devel-linux-x86_64-debian-clang 0.10 3.40 26.51 29.91 NOTE
r-devel-linux-x86_64-debian-gcc 0.10 NOTE
r-devel-linux-x86_64-fedora-clang 0.10 36.99 NOTE
r-devel-linux-x86_64-fedora-gcc 0.10 37.28 NOTE
r-devel-windows-ix86+x86_64 0.10 19.00 43.00 62.00 NOTE
r-patched-linux-x86_64 0.10 3.37 26.80 30.17 NOTE
r-patched-solaris-x86 0.10 59.30 NOTE
r-release-linux-x86_64 0.10 2.84 27.68 30.52 NOTE
r-release-windows-ix86+x86_64 0.10 8.00 52.00 60.00 NOTE
r-release-osx-x86_64 0.10 NOTE
r-oldrel-windows-ix86+x86_64 0.10 12.00 43.00 55.00 NOTE
r-oldrel-osx-x86_64 0.10 NOTE

Check Details

Version: 0.10
Check: for GNU extensions in Makefiles
Result: NOTE
    GNU make is a SystemRequirements.
Flavors: r-devel-linux-x86_64-debian-clang, r-devel-linux-x86_64-debian-gcc, r-devel-linux-x86_64-fedora-clang, r-devel-linux-x86_64-fedora-gcc, r-devel-windows-ix86+x86_64, r-patched-linux-x86_64, r-patched-solaris-x86, r-release-linux-x86_64, r-release-windows-ix86+x86_64, r-release-osx-x86_64, r-oldrel-windows-ix86+x86_64, r-oldrel-osx-x86_64