CRAN Package Check Results for Package rticles

Last updated on 2020-01-29 07:52:27 CET.

Flavor Version Tinstall Tcheck Ttotal Status Flags
r-devel-linux-x86_64-debian-clang 0.13 4.35 29.80 34.15 NOTE
r-devel-linux-x86_64-debian-gcc 0.13 3.21 23.70 26.91 NOTE
r-devel-linux-x86_64-fedora-clang 0.13 41.08 NOTE
r-devel-linux-x86_64-fedora-gcc 0.13 40.51 NOTE
r-devel-windows-ix86+x86_64 0.13 10.00 52.00 62.00 NOTE
r-devel-windows-ix86+x86_64-gcc8 0.13 19.00 46.00 65.00 NOTE
r-patched-linux-x86_64 0.13 NOTE
r-patched-solaris-x86 0.13 60.90 NOTE
r-release-linux-x86_64 0.13 3.50 27.39 30.89 NOTE
r-release-windows-ix86+x86_64 0.13 9.00 39.00 48.00 NOTE
r-release-osx-x86_64 0.13 NOTE
r-oldrel-windows-ix86+x86_64 0.13 11.00 40.00 51.00 NOTE
r-oldrel-osx-x86_64 0.13 NOTE

Check Details

Version: 0.13
Check: for GNU extensions in Makefiles
Result: NOTE
    GNU make is a SystemRequirements.
Flavors: r-devel-linux-x86_64-debian-clang, r-devel-linux-x86_64-debian-gcc, r-devel-linux-x86_64-fedora-clang, r-devel-linux-x86_64-fedora-gcc, r-devel-windows-ix86+x86_64, r-devel-windows-ix86+x86_64-gcc8, r-patched-linux-x86_64, r-patched-solaris-x86, r-release-linux-x86_64, r-release-windows-ix86+x86_64, r-release-osx-x86_64, r-oldrel-windows-ix86+x86_64, r-oldrel-osx-x86_64