CRAN Package Check Results for Package scrubr

Last updated on 2020-10-29 15:51:17 CET.

Flavor Version Tinstall Tcheck Ttotal Status Flags
r-devel-linux-x86_64-debian-clang 0.3.2 9.02 87.64 96.66 OK
r-devel-linux-x86_64-debian-gcc 0.3.2 6.39 64.34 70.73 OK
r-devel-linux-x86_64-fedora-clang 0.3.2 120.67 NOTE
r-devel-linux-x86_64-fedora-gcc 0.3.2 112.94 NOTE
r-devel-windows-ix86+x86_64 0.3.2 19.00 88.00 107.00 OK
r-patched-linux-x86_64 0.3.2 8.58 79.52 88.10 OK
r-patched-solaris-x86 0.3.2 163.00 NOTE
r-release-linux-x86_64 0.3.2 8.11 78.34 86.45 OK
r-release-macos-x86_64 0.3.2 NOTE
r-release-windows-ix86+x86_64 0.3.2 17.00 118.00 135.00 OK
r-oldrel-macos-x86_64 0.3.2 NOTE
r-oldrel-windows-ix86+x86_64 0.3.2 17.00 103.00 120.00 OK

Check Details

Version: 0.3.2
Check: data for non-ASCII characters
Result: NOTE
     Note: found 57 marked UTF-8 strings
Flavors: r-devel-linux-x86_64-fedora-clang, r-devel-linux-x86_64-fedora-gcc, r-patched-solaris-x86, r-release-macos-x86_64, r-oldrel-macos-x86_64