CRAN Package Check Results for Package seas

Last updated on 2019-10-20 08:47:29 CEST.

Flavor Version Tinstall Tcheck Ttotal Status Flags
r-devel-linux-x86_64-debian-clang 0.5-2 6.83 53.87 60.70 OK
r-devel-linux-x86_64-debian-gcc 0.5-2 5.77 40.01 45.78 OK
r-devel-linux-x86_64-fedora-clang 0.5-2 72.91 NOTE
r-devel-linux-x86_64-fedora-gcc 0.5-2 69.42 NOTE
r-devel-windows-ix86+x86_64 0.5-2 13.00 142.00 155.00 OK
r-patched-linux-x86_64 0.5-2 5.95 52.23 58.18 OK
r-patched-solaris-x86 0.5-2 96.10 NOTE
r-release-linux-x86_64 0.5-2 5.87 52.74 58.61 OK
r-release-windows-ix86+x86_64 0.5-2 19.00 147.00 166.00 OK
r-release-osx-x86_64 0.5-2 NOTE
r-oldrel-windows-ix86+x86_64 0.5-2 13.00 96.00 109.00 OK
r-oldrel-osx-x86_64 0.5-2 NOTE

Check Details

Version: 0.5-2
Check: data for non-ASCII characters
Result: NOTE
     Note: found 3 marked UTF-8 strings
Flavors: r-devel-linux-x86_64-fedora-clang, r-devel-linux-x86_64-fedora-gcc, r-patched-solaris-x86, r-release-osx-x86_64, r-oldrel-osx-x86_64

Version: 0.5-2
Check: installed package size
Result: NOTE
     installed size is 5.0Mb
     sub-directories of 1Mb or more:
     extdata 4.1Mb
Flavor: r-patched-solaris-x86