CRAN Package Check Results for Package seas

Last updated on 2020-05-31 00:47:16 CEST.

Flavor Version Tinstall Tcheck Ttotal Status Flags
r-devel-linux-x86_64-debian-clang 0.5-2 7.66 58.03 65.69 OK
r-devel-linux-x86_64-debian-gcc 0.5-2 5.85 43.06 48.91 OK
r-devel-linux-x86_64-fedora-clang 0.5-2 77.15 NOTE
r-devel-linux-x86_64-fedora-gcc 0.5-2 75.45 NOTE
r-devel-windows-ix86+x86_64 0.5-2 19.00 125.00 144.00 OK
r-patched-linux-x86_64 0.5-2 7.08 56.97 64.05 OK
r-patched-solaris-x86 0.5-2 104.30 NOTE
r-release-linux-x86_64 0.5-2 7.28 49.38 56.66 OK
r-release-osx-x86_64 0.5-2 NOTE
r-release-windows-ix86+x86_64 0.5-2 15.00 144.00 159.00 OK
r-oldrel-osx-x86_64 0.5-2 NOTE
r-oldrel-windows-ix86+x86_64 0.5-2 19.00 117.00 136.00 OK

Check Details

Version: 0.5-2
Check: data for non-ASCII characters
Result: NOTE
     Note: found 3 marked UTF-8 strings
Flavors: r-devel-linux-x86_64-fedora-clang, r-devel-linux-x86_64-fedora-gcc, r-patched-solaris-x86, r-release-osx-x86_64, r-oldrel-osx-x86_64

Version: 0.5-2
Check: installed package size
Result: NOTE
     installed size is 5.0Mb
     sub-directories of 1Mb or more:
     extdata 4.1Mb
Flavor: r-patched-solaris-x86