CRAN Package Check Results for Package solrium

Last updated on 2020-10-29 15:51:18 CET.

Flavor Version Tinstall Tcheck Ttotal Status Flags
r-devel-linux-x86_64-debian-clang 1.1.4 7.34 62.27 69.61 OK
r-devel-linux-x86_64-debian-gcc 1.1.4 7.04 46.01 53.05 OK
r-devel-linux-x86_64-fedora-clang 1.1.4 93.71 NOTE
r-devel-linux-x86_64-fedora-gcc 1.1.4 81.10 OK
r-devel-windows-ix86+x86_64 1.1.4 17.00 72.00 89.00 OK
r-patched-linux-x86_64 1.1.4 8.95 56.96 65.91 OK
r-patched-solaris-x86 1.1.4 116.30 OK
r-release-linux-x86_64 1.1.4 8.85 56.08 64.93 OK
r-release-macos-x86_64 1.1.4 OK
r-release-windows-ix86+x86_64 1.1.4 15.00 88.00 103.00 OK
r-oldrel-macos-x86_64 1.1.4 OK
r-oldrel-windows-ix86+x86_64 1.1.4 15.00 83.00 98.00 OK

Check Details

Version: 1.1.4
Check: Rd cross-references
Result: NOTE
    Undeclared package ‘XML’ in Rd xrefs
Flavor: r-devel-linux-x86_64-fedora-clang