CRAN Package Check Results for Package sp

Last updated on 2019-12-08 19:49:48 CET.

Flavor Version Tinstall Tcheck Ttotal Status Flags
r-devel-linux-x86_64-debian-clang 1.3-2 19.83 143.43 163.26 OK
r-devel-linux-x86_64-debian-gcc 1.3-2 15.90 107.32 123.22 OK
r-devel-linux-x86_64-fedora-clang 1.3-2 189.69 OK
r-devel-linux-x86_64-fedora-gcc 1.3-2 188.48 OK
r-devel-windows-ix86+x86_64 1.3-2 2.00 8.00 10.00 ERROR
r-devel-windows-ix86+x86_64-gcc8 1.3-2 39.00 301.00 340.00 OK
r-patched-linux-x86_64 1.3-2 15.91 129.54 145.45 OK
r-patched-solaris-x86 1.3-2 250.00 OK
r-release-linux-x86_64 1.3-2 16.93 128.89 145.82 OK
r-release-windows-ix86+x86_64 1.3-2 53.00 202.00 255.00 OK
r-release-osx-x86_64 1.3-2 OK
r-oldrel-windows-ix86+x86_64 1.3-2 27.00 254.00 281.00 OK
r-oldrel-osx-x86_64 1.3-2 OK

Check Details

Version: 1.3-2
Check: whether package can be installed
Result: ERROR
    Installation failed.
Flavor: r-devel-windows-ix86+x86_64