CRAN Package Check Results for Package ssfit

Last updated on 2020-06-06 04:49:00 CEST.

Flavor Version Tinstall Tcheck Ttotal Status Flags
r-devel-linux-x86_64-debian-clang 1.1 8.46 55.55 64.01 NOTE
r-devel-linux-x86_64-debian-gcc 1.1 6.33 43.81 50.14 NOTE
r-devel-linux-x86_64-fedora-clang 1.1 91.39 NOTE
r-devel-linux-x86_64-fedora-gcc 1.1 77.12 NOTE
r-devel-windows-ix86+x86_64 1.1 20.00 68.00 88.00 NOTE
r-patched-linux-x86_64 1.1 7.47 55.10 62.57 NOTE
r-patched-solaris-x86 1.1 116.10 NOTE
r-release-linux-x86_64 1.1 7.39 55.21 62.60 NOTE
r-release-osx-x86_64 1.1 NOTE
r-release-windows-ix86+x86_64 1.1 24.00 86.00 110.00 NOTE
r-oldrel-osx-x86_64 1.1 NOTE
r-oldrel-windows-ix86+x86_64 1.1 17.00 58.00 75.00 NOTE

Check Details

Version: 1.1
Check: dependencies in R code
Result: NOTE
    Package in Depends field not imported from: 'survey'
     These packages need to be imported from (in the NAMESPACE file)
     for when this namespace is loaded but not attached.
Flavors: r-devel-linux-x86_64-debian-clang, r-devel-linux-x86_64-debian-gcc, r-devel-linux-x86_64-fedora-clang, r-devel-linux-x86_64-fedora-gcc, r-devel-windows-ix86+x86_64, r-patched-linux-x86_64, r-patched-solaris-x86, r-release-linux-x86_64, r-release-osx-x86_64, r-release-windows-ix86+x86_64, r-oldrel-osx-x86_64, r-oldrel-windows-ix86+x86_64

Version: 1.1
Check: R code for possible problems
Result: NOTE
    fit.model: no visible global function definition for 'hadamard'
    Undefined global functions or variables:
     hadamard
Flavors: r-devel-linux-x86_64-debian-clang, r-devel-linux-x86_64-debian-gcc, r-devel-linux-x86_64-fedora-clang, r-devel-linux-x86_64-fedora-gcc, r-devel-windows-ix86+x86_64, r-patched-linux-x86_64, r-patched-solaris-x86, r-release-linux-x86_64, r-release-osx-x86_64, r-release-windows-ix86+x86_64, r-oldrel-osx-x86_64, r-oldrel-windows-ix86+x86_64