CRAN Package Check Results for Package ssfit

Last updated on 2019-11-18 20:47:33 CET.

Flavor Version Tinstall Tcheck Ttotal Status Flags
r-devel-linux-x86_64-debian-clang 1.1 6.96 52.11 59.07 NOTE
r-devel-linux-x86_64-debian-gcc 1.1 6.32 42.13 48.45 NOTE
r-devel-linux-x86_64-fedora-clang 1.1 68.30 NOTE
r-devel-linux-x86_64-fedora-gcc 1.1 70.92 NOTE
r-devel-windows-ix86+x86_64 1.1 20.00 90.00 110.00 NOTE
r-patched-linux-x86_64 1.1 6.23 49.22 55.45 NOTE
r-patched-solaris-x86 1.1 106.40 NOTE
r-release-linux-x86_64 1.1 6.40 49.03 55.43 NOTE
r-release-windows-ix86+x86_64 1.1 14.00 81.00 95.00 NOTE
r-release-osx-x86_64 1.1 NOTE
r-oldrel-windows-ix86+x86_64 1.1 7.00 80.00 87.00 NOTE
r-oldrel-osx-x86_64 1.1 NOTE

Check Details

Version: 1.1
Check: dependencies in R code
Result: NOTE
    Package in Depends field not imported from: 'survey'
     These packages need to be imported from (in the NAMESPACE file)
     for when this namespace is loaded but not attached.
Flavors: r-devel-linux-x86_64-debian-clang, r-devel-linux-x86_64-debian-gcc, r-devel-linux-x86_64-fedora-clang, r-devel-linux-x86_64-fedora-gcc, r-devel-windows-ix86+x86_64, r-patched-linux-x86_64, r-patched-solaris-x86, r-release-linux-x86_64, r-release-windows-ix86+x86_64, r-release-osx-x86_64, r-oldrel-windows-ix86+x86_64, r-oldrel-osx-x86_64

Version: 1.1
Check: R code for possible problems
Result: NOTE
    fit.model: no visible global function definition for 'hadamard'
    Undefined global functions or variables:
     hadamard
Flavors: r-devel-linux-x86_64-debian-clang, r-devel-linux-x86_64-debian-gcc, r-devel-linux-x86_64-fedora-clang, r-devel-linux-x86_64-fedora-gcc, r-devel-windows-ix86+x86_64, r-patched-linux-x86_64, r-patched-solaris-x86, r-release-linux-x86_64, r-release-windows-ix86+x86_64, r-release-osx-x86_64, r-oldrel-windows-ix86+x86_64, r-oldrel-osx-x86_64